{"id":804,"date":"2017-03-23T10:29:03","date_gmt":"2017-03-23T10:29:03","guid":{"rendered":"http:\/\/www.arsantonina.org\/?page_id=804"},"modified":"2019-06-04T20:20:44","modified_gmt":"2019-06-04T20:20:44","slug":"saison-2016-2017","status":"publish","type":"page","link":"https:\/\/www.arsantonina.org\/en\/saison-2016-2017\/","title":{"rendered":"Saison 2016-2017"},"content":{"rendered":"<h4 class=\"block-editor-rich-text__editable editor-rich-text__editable\" style=\"text-align: center;\" role=\"textbox\" contenteditable=\"true\" aria-multiline=\"true\" data-is-placeholder-visible=\"false\" aria-label=\"Write heading\u2026\" aria-autocomplete=\"list\"><strong data-rich-text-format-boundary=\"true\">PROGRAMME ARTISTIQUE<\/strong><\/h4>\n<p class=\"uk-h5\" style=\"text-align: center;\"><strong><br \/>\nMercredi 7 d\u00e9cembre 2016<br \/>\n<\/strong>\u00e0 18h au Th\u00e9\u00e2tre des Vari\u00e9t\u00e9s de Monaco<br \/>\n<strong>Concert de No\u00ebl<br \/>\n<\/strong>Enfants virtuoses de moins de 13 ans issus des Conservatoires du D\u00e9partement des Alpes-Maritimes<br \/>\nEntr\u00e9e libre<\/p>\n<p style=\"text-align: center;\">***<\/p>\n<p class=\"uk-h5\" style=\"text-align: center;\"><strong>Mercredi 18 janvier 2017<br \/>\n<\/strong>\u00e0 20h au Th\u00e9\u00e2tre des Vari\u00e9t\u00e9s de Monaco<br \/>\n<strong>R\u00e9cital de piano de&nbsp;<a href=\"http:\/\/www.arsantonina.org\/biographie-sergei-redkin\/\">Sergei Redkin<br \/>\n<\/a><\/strong><em>Laur\u00e9at des Concours internationaux&nbsp;: Maj Lind \u00e0 Helsinki&nbsp;; Tchaikovsky \u00e0 Moscou&nbsp;; Prokofiev \u00e0 St Petersburg<\/em><br \/>\nAu programme&nbsp;: Mozart, Schumann, Tcha\u00efkovsky, Stravinsky<br \/>\nTarif public : 20\u20ac \/ Membre : 10\u20ac \/ Etudiant : gratuit<\/p>\n<p style=\"text-align: center;\">***<\/p>\n<p class=\"uk-h5\" style=\"text-align: center;\"><strong>Jeudi&nbsp;26&nbsp;janvier&nbsp;2017<br \/>\n<\/strong>\u00e0 16h30&nbsp;\u00e0 la Biblioth\u00e8que Louis Nuc\u00e9ra, Nice<br \/>\n<strong>Concert des candidats au CNSM de Paris et Lyon<br \/>\n<\/strong>Entr\u00e9e libre<\/p>\n<p style=\"text-align: center;\">***<\/p>\n<p class=\"uk-h5\" style=\"text-align: center;\"><strong>Mercredi&nbsp;15&nbsp;f\u00e9vrier 2017<br \/>\n<\/strong>\u00e0 20h au Th\u00e9\u00e2tre des Vari\u00e9t\u00e9s de Monaco<br \/>\n<strong>R\u00e9cital de piano de&nbsp;<a href=\"http:\/\/www.arsantonina.org\/biographie-de-martin-james-bartlett\/\">Martin James Bartlett<br \/>\n<\/a><\/strong><em>Laur\u00e9at du Concours BBC \u00ab&nbsp;Young Musician of the Year&nbsp;\u00bb<br \/>\n<\/em>Au programme&nbsp;: Bach, Mozart, Schumann, Barber<br \/>\nTarif public : 20\u20ac \/ Membre : 10\u20ac \/ Etudiant : gratuit<\/p>\n<p style=\"text-align: center;\">***<\/p>\n<p class=\"uk-h5\" style=\"text-align: center;\"><strong>Mercredi 8&nbsp;mars 2017<br \/>\n<\/strong>\u00e0 20h au Th\u00e9\u00e2tre des Vari\u00e9t\u00e9s de Monaco<br \/>\n<strong>R\u00e9cital de&nbsp;violoncelle de&nbsp;<a href=\"http:\/\/www.arsantonina.org\/biographie-michael-petrov\/\">Michael Petrov<br \/>\n<\/a><\/strong><em>Laur\u00e9at des Concours internationaux : Brahms en Autriche ; Suggia \u00e0 Port ; Trondheim en Norv\u00e8ge<\/em><br \/>\nAccompagn\u00e9 par&nbsp;<a href=\"http:\/\/www.arsantonina.org\/biographie-michael-petrov\/\"><strong>Alexander Ullman<\/strong><\/a>, piano<br \/>\nLaur\u00e9at des Concours internationaux : Franz Liszt \u00e0 Budapest<br \/>\nAu programme : Schumann, Tcha\u00efkovsky, Carter, Chopin<br \/>\nTarif public : 20\u20ac \/ Membre : 10\u20ac \/ Etudiant : gratuit<\/p>\n<p style=\"text-align: center;\">***<\/p>\n<p class=\"uk-h5\" style=\"text-align: center;\"><strong>Mercredi 26 avril&nbsp;2017<br \/>\n<\/strong>\u00e0 20h au Th\u00e9\u00e2tre des Vari\u00e9t\u00e9s de Monaco<br \/>\n<strong>R\u00e9cital de piano&nbsp;d&#8217;<a href=\"http:\/\/www.arsantonina.org\/biographie-anna-tsybuleva\/\">Anna Tsybuleva<\/a><br \/>\n<\/strong><em>Laur\u00e9ate des Concours internationaux&nbsp;: Leeds en Angleterre&nbsp;; Gilels \u00e0 Odessa&nbsp;; Hamamatsu en Japon<br \/>\n<\/em>Au programme : Scarlatti, Schubert, Schumann, Debussy<br \/>\nTarif public : 20\u20ac \/ Membre : 10\u20ac \/ Etudiant : gratuit<\/p>\n<p style=\"text-align: center;\">***<\/p>\n<p class=\"uk-h5\" style=\"text-align: center;\"><strong>Mardi&nbsp;9&nbsp;mai 2017<br \/>\n<\/strong>\u00e0 16h30 Biblioth\u00e8que Louis Nuc\u00e9ra, Nice<br \/>\n<strong>Concert des Ados<br \/>\n<\/strong>Jeunes talents moins de 18 ans issus des Conservatoires du D\u00e9partement des Alpes-Maritimes<br \/>\nEntr\u00e9e libre<\/p>\n<p style=\"text-align: center;\">***<\/p>\n<p>&nbsp;<\/p>\n","protected":false},"excerpt":{"rendered":"<p>PROGRAMME ARTISTIQUE Mercredi 7 d\u00e9cembre 2016 \u00e0 18h au Th\u00e9\u00e2tre des Vari\u00e9t\u00e9s de Monaco Concert de No\u00ebl Enfants virtuoses de moins de 13 ans issus des Conservatoires du D\u00e9partement des Alpes-Maritimes Entr\u00e9e libre *** Mercredi 18 janvier 2017 \u00e0 20h au Th\u00e9\u00e2tre des Vari\u00e9t\u00e9s de Monaco R\u00e9cital de piano de&nbsp;Sergei Redkin Laur\u00e9at des Concours internationaux&nbsp;: [&hellip;]<\/p>\n","protected":false},"author":1,"featured_media":954,"parent":0,"menu_order":0,"comment_status":"closed","ping_status":"closed","template":"","meta":{"ngg_post_thumbnail":0},"_links":{"self":[{"href":"https:\/\/www.arsantonina.org\/en\/wp-json\/wp\/v2\/pages\/804"}],"collection":[{"href":"https:\/\/www.arsantonina.org\/en\/wp-json\/wp\/v2\/pages"}],"about":[{"href":"https:\/\/www.arsantonina.org\/en\/wp-json\/wp\/v2\/types\/page"}],"author":[{"embeddable":true,"href":"https:\/\/www.arsantonina.org\/en\/wp-json\/wp\/v2\/users\/1"}],"replies":[{"embeddable":true,"href":"https:\/\/www.arsantonina.org\/en\/wp-json\/wp\/v2\/comments?post=804"}],"version-history":[{"count":24,"href":"https:\/\/www.arsantonina.org\/en\/wp-json\/wp\/v2\/pages\/804\/revisions"}],"predecessor-version":[{"id":3058,"href":"https:\/\/www.arsantonina.org\/en\/wp-json\/wp\/v2\/pages\/804\/revisions\/3058"}],"wp:featuredmedia":[{"embeddable":true,"href":"https:\/\/www.arsantonina.org\/en\/wp-json\/wp\/v2\/media\/954"}],"wp:attachment":[{"href":"https:\/\/www.arsantonina.org\/en\/wp-json\/wp\/v2\/media?parent=804"}],"curies":[{"name":"wp","href":"https:\/\/api.w.org\/{rel}","templated":true}]}}

<h4 class="block-editor-rich-text__editable editor-rich-text__editable" style="text-align: center;" role="textbox" contenteditable="true" aria-multiline="true" data-is-placeholder-visible="false" aria-label="Write heading…" aria-autocomplete="list"><strong data-rich-text-format-boundary="true">PROGRAMME ARTISTIQUE</strong></h4>
<p class="uk-h5" style="text-align: center;"><strong><br />
Mercredi 7 décembre 2016<br />
</strong>à 18h au Théâtre des Variétés de Monaco<br />
<strong>Concert de Noël<br />
</strong>Enfants virtuoses de moins de 13 ans issus des Conservatoires du Département des Alpes-Maritimes<br />
Entrée libre</p>
<p style="text-align: center;">***</p>
<p class="uk-h5" style="text-align: center;"><strong>Mercredi 18 janvier 2017<br />
</strong>à 20h au Théâtre des Variétés de Monaco<br />
<strong>Récital de piano de&nbsp;<a href="http://www.arsantonina.org/biographie-sergei-redkin/">Sergei Redkin<br />
</a></strong><em>Lauréat des Concours internationaux&nbsp;: Maj Lind à Helsinki&nbsp;; Tchaikovsky à Moscou&nbsp;; Prokofiev à St Petersburg</em><br />
Au programme&nbsp;: Mozart, Schumann, Tchaïkovsky, Stravinsky<br />
Tarif public : 20€ / Membre : 10€ / Etudiant : gratuit</p>
<p style="text-align: center;">***</p>
<p class="uk-h5" style="text-align: center;"><strong>Jeudi&nbsp;26&nbsp;janvier&nbsp;2017<br />
</strong>à 16h30&nbsp;à la Bibliothèque Louis Nucéra, Nice<br />
<strong>Concert des candidats au CNSM de Paris et Lyon<br />
</strong>Entrée libre</p>
<p style="text-align: center;">***</p>
<p class="uk-h5" style="text-align: center;"><strong>Mercredi&nbsp;15&nbsp;février 2017<br />
</strong>à 20h au Théâtre des Variétés de Monaco<br />
<strong>Récital de piano de&nbsp;<a href="http://www.arsantonina.org/biographie-de-martin-james-bartlett/">Martin James Bartlett<br />
</a></strong><em>Lauréat du Concours BBC «&nbsp;Young Musician of the Year&nbsp;»<br />
</em>Au programme&nbsp;: Bach, Mozart, Schumann, Barber<br />
Tarif public : 20€ / Membre : 10€ / Etudiant : gratuit</p>
<p style="text-align: center;">***</p>
<p class="uk-h5" style="text-align: center;"><strong>Mercredi 8&nbsp;mars 2017<br />
</strong>à 20h au Théâtre des Variétés de Monaco<br />
<strong>Récital de&nbsp;violoncelle de&nbsp;<a href="http://www.arsantonina.org/biographie-michael-petrov/">Michael Petrov<br />
</a></strong><em>Lauréat des Concours internationaux : Brahms en Autriche ; Suggia à Port ; Trondheim en Norvège</em><br />
Accompagné par&nbsp;<a href="http://www.arsantonina.org/biographie-michael-petrov/"><strong>Alexander Ullman</strong></a>, piano<br />
Lauréat des Concours internationaux : Franz Liszt à Budapest<br />
Au programme : Schumann, Tchaïkovsky, Carter, Chopin<br />
Tarif public : 20€ / Membre : 10€ / Etudiant : gratuit</p>
<p style="text-align: center;">***</p>
<p class="uk-h5" style="text-align: center;"><strong>Mercredi 26 avril&nbsp;2017<br />
</strong>à 20h au Théâtre des Variétés de Monaco<br />
<strong>Récital de piano&nbsp;d&#8217;<a href="http://www.arsantonina.org/biographie-anna-tsybuleva/">Anna Tsybuleva</a><br />
</strong><em>Lauréate des Concours internationaux&nbsp;: Leeds en Angleterre&nbsp;; Gilels à Odessa&nbsp;; Hamamatsu en Japon<br />
</em>Au programme : Scarlatti, Schubert, Schumann, Debussy<br />
Tarif public : 20€ / Membre : 10€ / Etudiant : gratuit</p>
<p style="text-align: center;">***</p>
<p class="uk-h5" style="text-align: center;"><strong>Mardi&nbsp;9&nbsp;mai 2017<br />
</strong>à 16h30 Bibliothèque Louis Nucéra, Nice<br />
<strong>Concert des Ados<br />
</strong>Jeunes talents moins de 18 ans issus des Conservatoires du Département des Alpes-Maritimes<br />
Entrée libre</p>
<p style="text-align: center;">***</p>
<p>&nbsp;</p>

<p>PROGRAMME ARTISTIQUE Mercredi 7 décembre 2016 à 18h au Théâtre des Variétés de Monaco Concert de Noël Enfants virtuoses de moins de 13 ans issus des Conservatoires du Département des Alpes-Maritimes Entrée libre *** Mercredi 18 janvier 2017 à 20h au Théâtre des Variétés de Monaco Récital de piano de&nbsp;Sergei Redkin Lauréat des Concours internationaux&nbsp;: [&hellip;]</p>
