{"id":3614,"date":"2023-03-09T09:27:17","date_gmt":"2023-03-09T09:27:17","guid":{"rendered":"https:\/\/www.arsantonina.org\/?page_id=3614"},"modified":"2023-03-09T10:04:10","modified_gmt":"2023-03-09T10:04:10","slug":"saison-2022-2023","status":"publish","type":"page","link":"https:\/\/www.arsantonina.org\/en\/saison-2022-2023\/","title":{"rendered":"Saison 2022 &#8211; 2023"},"content":{"rendered":"\n<p class=\"has-text-align-center\">***<\/p>\n\n\n\n<p><\/p>\n\n\n\n<p><\/p>\n\n\n\n<p class=\"has-text-align-center\"><strong>Samedi 26 novembre 2022 \u00e0 15h<\/strong> <\/p>\n\n\n\n<p class=\"has-text-align-center\">Concert de No\u00ebl <\/p>\n\n\n\n<p class=\"has-text-align-center\">Concert de jeunes musiciens <\/p>\n\n\n\n<p class=\"has-text-align-center\">El\u00e8ves prometteurs de moins de 13 ans <\/p>\n\n\n\n<p class=\"has-text-align-center\">Issus des Conservatoires du D\u00e9partement de Alpes Maritimes. <\/p>\n\n\n\n<p class=\"has-text-align-center\">Entr\u00e9e Libre<\/p>\n\n\n\n<p><\/p>\n\n\n\n<p class=\"has-text-align-center\">***<\/p>\n\n\n\n<p><\/p>\n\n\n\n<p class=\"has-text-align-center\"> <\/p>\n\n\n\n<p class=\"has-text-align-center\"><strong>Mardi 7 f\u00e9vrier 2023 \u00e0 16h <\/strong><\/p>\n\n\n\n<p class=\"has-text-align-center\">Biblioth\u00e8que Louis Nuc\u00e9ra de Nice <\/p>\n\n\n\n<p class=\"has-text-align-center\">Concert des candidats aux Concours CNSM de Paris et de Lyon <\/p>\n\n\n\n<p class=\"has-text-align-center\">Entr\u00e9e libre<\/p>\n\n\n\n<p><\/p>\n\n\n\n<p class=\"has-text-align-center\">***<\/p>\n\n\n\n<p><\/p>\n\n\n\n<p class=\"has-text-align-center\"> <\/p>\n\n\n\n<p class=\"has-text-align-center\">S<strong>amedi 4 mars 2023 \u00e0 15h<\/strong> <\/p>\n\n\n\n<p class=\"has-text-align-center\">Concert de jeunes musiciens <\/p>\n\n\n\n<p class=\"has-text-align-center\">El\u00e8ves prometteurs de moins de 13 ans <\/p>\n\n\n\n<p class=\"has-text-align-center\">Issus des Conservatoires du D\u00e9partement de Alpes Maritimes. <\/p>\n\n\n\n<p class=\"has-text-align-center\">Entr\u00e9e Libre <\/p>\n\n\n\n<p class=\"has-text-align-center\"><\/p>\n","protected":false},"excerpt":{"rendered":"<p>*** Samedi 26 novembre 2022 \u00e0 15h Concert de No\u00ebl Concert de jeunes musiciens El\u00e8ves prometteurs de moins de 13 ans Issus des Conservatoires du D\u00e9partement de Alpes Maritimes. Entr\u00e9e Libre *** Mardi 7 f\u00e9vrier 2023 \u00e0 16h Biblioth\u00e8que Louis Nuc\u00e9ra de Nice Concert des candidats aux Concours CNSM de Paris et de Lyon Entr\u00e9e [&hellip;]<\/p>\n","protected":false},"author":3,"featured_media":0,"parent":0,"menu_order":0,"comment_status":"closed","ping_status":"closed","template":"","meta":{"ngg_post_thumbnail":0},"_links":{"self":[{"href":"https:\/\/www.arsantonina.org\/en\/wp-json\/wp\/v2\/pages\/3614"}],"collection":[{"href":"https:\/\/www.arsantonina.org\/en\/wp-json\/wp\/v2\/pages"}],"about":[{"href":"https:\/\/www.arsantonina.org\/en\/wp-json\/wp\/v2\/types\/page"}],"author":[{"embeddable":true,"href":"https:\/\/www.arsantonina.org\/en\/wp-json\/wp\/v2\/users\/3"}],"replies":[{"embeddable":true,"href":"https:\/\/www.arsantonina.org\/en\/wp-json\/wp\/v2\/comments?post=3614"}],"version-history":[{"count":13,"href":"https:\/\/www.arsantonina.org\/en\/wp-json\/wp\/v2\/pages\/3614\/revisions"}],"predecessor-version":[{"id":3637,"href":"https:\/\/www.arsantonina.org\/en\/wp-json\/wp\/v2\/pages\/3614\/revisions\/3637"}],"wp:attachment":[{"href":"https:\/\/www.arsantonina.org\/en\/wp-json\/wp\/v2\/media?parent=3614"}],"curies":[{"name":"wp","href":"https:\/\/api.w.org\/{rel}","templated":true}]}}

<p class="has-text-align-center">***</p>



<p></p>



<p></p>



<p class="has-text-align-center"><strong>Samedi 26 novembre 2022 à 15h</strong> </p>



<p class="has-text-align-center">Concert de Noël </p>



<p class="has-text-align-center">Concert de jeunes musiciens </p>



<p class="has-text-align-center">Elèves prometteurs de moins de 13 ans </p>



<p class="has-text-align-center">Issus des Conservatoires du Département de Alpes Maritimes. </p>



<p class="has-text-align-center">Entrée Libre</p>



<p></p>



<p class="has-text-align-center">***</p>



<p></p>



<p class="has-text-align-center"> </p>



<p class="has-text-align-center"><strong>Mardi 7 février 2023 à 16h </strong></p>



<p class="has-text-align-center">Bibliothèque Louis Nucéra de Nice </p>



<p class="has-text-align-center">Concert des candidats aux Concours CNSM de Paris et de Lyon </p>



<p class="has-text-align-center">Entrée libre</p>



<p></p>



<p class="has-text-align-center">***</p>



<p></p>



<p class="has-text-align-center"> </p>



<p class="has-text-align-center">S<strong>amedi 4 mars 2023 à 15h</strong> </p>



<p class="has-text-align-center">Concert de jeunes musiciens </p>



<p class="has-text-align-center">Elèves prometteurs de moins de 13 ans </p>



<p class="has-text-align-center">Issus des Conservatoires du Département de Alpes Maritimes. </p>



<p class="has-text-align-center">Entrée Libre </p>



<p class="has-text-align-center"></p>

<p>*** Samedi 26 novembre 2022 à 15h Concert de Noël Concert de jeunes musiciens Elèves prometteurs de moins de 13 ans Issus des Conservatoires du Département de Alpes Maritimes. Entrée Libre *** Mardi 7 février 2023 à 16h Bibliothèque Louis Nucéra de Nice Concert des candidats aux Concours CNSM de Paris et de Lyon Entrée [&hellip;]</p>
