{"id":3597,"date":"2022-11-27T11:19:48","date_gmt":"2022-11-27T11:19:48","guid":{"rendered":"https:\/\/www.arsantonina.org\/?page_id=3597"},"modified":"2023-05-16T14:49:57","modified_gmt":"2023-05-16T14:49:57","slug":"concert-du-26-novembre-2023","status":"publish","type":"page","link":"https:\/\/www.arsantonina.org\/en\/concert-du-26-novembre-2023\/","title":{"rendered":"Concert du 17 mai 2023"},"content":{"rendered":"\n<p>Cette manifestation, organis\u00e9e par l\u2019Association Ars Antonina, vous pr\u00e9sente de jeunes musiciens prometteurs \u00e2g\u00e9s de 13 \u00e0 20 ans, issus des Conservatoires d&#8217;Antibes, de Cannes, d\u2019Aix-en-Provence et de Nice.<\/p>\n\n\n\n<p><\/p>\n\n\n\n<p><strong>Loup D\u00e9sir\u00e9, piano<\/strong><\/p>\n\n\n\n<p>W. A. Mozart&nbsp;: <em>Fantaisie n\u00b03 en r\u00e9 mineur, K. 397<\/em><\/p>\n\n\n\n<p><strong>C\u00e9lia Mareel, fl\u00fbte traversi\u00e8re<\/strong><\/p>\n\n\n\n<p>S. Mercandante : <em>Variations sur &#8216;La ci darem la mano&#8217; de Don Giovanni de Mozart<\/em><\/p>\n\n\n\n<p>E. Ledeuil : <em>Ghost<\/em><\/p>\n\n\n\n<p><strong>Rachelle Espiritu, piano<\/strong><\/p>\n\n\n\n<p>H. Carol : <em>Lac Bleu<\/em><\/p>\n\n\n\n<p><strong>Alix Fr\u00e9chette, clarinette<\/strong><\/p>\n\n\n\n<p>Louis Fr\u00e9chette, accompagnateur au piano<\/p>\n\n\n\n<p>C. M. von Weber: <em>Concertino pour clarinette, opus 26<\/em><\/p>\n\n\n\n<p><strong>Deniz Soydam, fl\u00fbte traversi\u00e8re<\/strong><\/p>\n\n\n\n<p>E. Bozza : <em>Image<\/em><\/p>\n\n\n\n<p>N. Paganini : <em>Caprice no 24 en la mineur<\/em><\/p>\n\n\n\n<p><strong>Maxime Moreau, piano<\/strong><\/p>\n\n\n\n<p>F. Chopin : <em>Nocturne op. 48 no 1 en do mineur<\/em><\/p>\n\n\n\n<p><strong>Louis Fr\u00e9chette, piano<\/strong><\/p>\n\n\n\n<p>J.P. Rameau&nbsp;: <em>Suite en la mineur, N\u00b07 &#8211; Gavotte et six doubles<\/em><\/p>\n\n\n\n<p>J.S. Bach&nbsp;: <em>Pr\u00e9lude et fugue en do majeur, S. 462 &#8211; transcrit par Franz Lizst<\/em><\/p>\n\n\n\n<p>E. Grandos&nbsp;: <em>Goyescas n.2 opus 11: Coloquio en la Reja<\/em><\/p>\n\n\n\n<p><strong>Claire Avedissian, violon<\/strong><\/p>\n\n\n\n<p>Patrice Reich, accompagnateur au piano<\/p>\n\n\n\n<p>H. Wieniawski&nbsp;: <em>Polonaise brillante N\u00b0 1 en r\u00e9 majeur, opus 4<\/em><\/p>\n","protected":false},"excerpt":{"rendered":"<p>Cette manifestation, organis\u00e9e par l\u2019Association Ars Antonina, vous pr\u00e9sente de jeunes musiciens prometteurs \u00e2g\u00e9s de 13 \u00e0 20 ans, issus des Conservatoires d&#8217;Antibes, de Cannes, d\u2019Aix-en-Provence et de Nice. Loup D\u00e9sir\u00e9, piano W. A. Mozart&nbsp;: Fantaisie n\u00b03 en r\u00e9 mineur, K. 397 C\u00e9lia Mareel, fl\u00fbte traversi\u00e8re S. Mercandante : Variations sur &#8216;La ci darem la [&hellip;]<\/p>\n","protected":false},"author":3,"featured_media":0,"parent":0,"menu_order":0,"comment_status":"closed","ping_status":"closed","template":"","meta":{"ngg_post_thumbnail":0},"_links":{"self":[{"href":"https:\/\/www.arsantonina.org\/en\/wp-json\/wp\/v2\/pages\/3597"}],"collection":[{"href":"https:\/\/www.arsantonina.org\/en\/wp-json\/wp\/v2\/pages"}],"about":[{"href":"https:\/\/www.arsantonina.org\/en\/wp-json\/wp\/v2\/types\/page"}],"author":[{"embeddable":true,"href":"https:\/\/www.arsantonina.org\/en\/wp-json\/wp\/v2\/users\/3"}],"replies":[{"embeddable":true,"href":"https:\/\/www.arsantonina.org\/en\/wp-json\/wp\/v2\/comments?post=3597"}],"version-history":[{"count":4,"href":"https:\/\/www.arsantonina.org\/en\/wp-json\/wp\/v2\/pages\/3597\/revisions"}],"predecessor-version":[{"id":3648,"href":"https:\/\/www.arsantonina.org\/en\/wp-json\/wp\/v2\/pages\/3597\/revisions\/3648"}],"wp:attachment":[{"href":"https:\/\/www.arsantonina.org\/en\/wp-json\/wp\/v2\/media?parent=3597"}],"curies":[{"name":"wp","href":"https:\/\/api.w.org\/{rel}","templated":true}]}}

<p>Cette manifestation, organisée par l’Association Ars Antonina, vous présente de jeunes musiciens prometteurs âgés de 13 à 20 ans, issus des Conservatoires d&#8217;Antibes, de Cannes, d’Aix-en-Provence et de Nice.</p>



<p></p>



<p><strong>Loup Désiré, piano</strong></p>



<p>W. A. Mozart&nbsp;: <em>Fantaisie n°3 en ré mineur, K. 397</em></p>



<p><strong>Célia Mareel, flûte traversière</strong></p>



<p>S. Mercandante : <em>Variations sur &#8216;La ci darem la mano&#8217; de Don Giovanni de Mozart</em></p>



<p>E. Ledeuil : <em>Ghost</em></p>



<p><strong>Rachelle Espiritu, piano</strong></p>



<p>H. Carol : <em>Lac Bleu</em></p>



<p><strong>Alix Fréchette, clarinette</strong></p>



<p>Louis Fréchette, accompagnateur au piano</p>



<p>C. M. von Weber: <em>Concertino pour clarinette, opus 26</em></p>



<p><strong>Deniz Soydam, flûte traversière</strong></p>



<p>E. Bozza : <em>Image</em></p>



<p>N. Paganini : <em>Caprice no 24 en la mineur</em></p>



<p><strong>Maxime Moreau, piano</strong></p>



<p>F. Chopin : <em>Nocturne op. 48 no 1 en do mineur</em></p>



<p><strong>Louis Fréchette, piano</strong></p>



<p>J.P. Rameau&nbsp;: <em>Suite en la mineur, N°7 &#8211; Gavotte et six doubles</em></p>



<p>J.S. Bach&nbsp;: <em>Prélude et fugue en do majeur, S. 462 &#8211; transcrit par Franz Lizst</em></p>



<p>E. Grandos&nbsp;: <em>Goyescas n.2 opus 11: Coloquio en la Reja</em></p>



<p><strong>Claire Avedissian, violon</strong></p>



<p>Patrice Reich, accompagnateur au piano</p>



<p>H. Wieniawski&nbsp;: <em>Polonaise brillante N° 1 en ré majeur, opus 4</em></p>

<p>Cette manifestation, organisée par l’Association Ars Antonina, vous présente de jeunes musiciens prometteurs âgés de 13 à 20 ans, issus des Conservatoires d&#8217;Antibes, de Cannes, d’Aix-en-Provence et de Nice. Loup Désiré, piano W. A. Mozart&nbsp;: Fantaisie n°3 en ré mineur, K. 397 Célia Mareel, flûte traversière S. Mercandante : Variations sur &#8216;La ci darem la [&hellip;]</p>
