{"id":3479,"date":"2021-02-05T21:08:57","date_gmt":"2021-02-05T21:08:57","guid":{"rendered":"http:\/\/www.arsantonina.org\/?page_id=3479"},"modified":"2022-03-06T15:50:09","modified_gmt":"2022-03-06T15:50:09","slug":"saison-2020-2021","status":"publish","type":"page","link":"https:\/\/www.arsantonina.org\/en\/saison-2020-2021\/","title":{"rendered":"Saison 2020 &#8211; 2021"},"content":{"rendered":"\n<pre class=\"wp-block-verse\"><\/pre>\n\n\n\n<pre style=\"text-align:center\" class=\"wp-block-verse\"><br><strong>Mardi 4 f\u00e9vrier 2020 \u00e0 16h<br><\/strong>Biblioth\u00e8que Louis Nuc\u00e9ra de Nice<br>Concert des candidats aux Concours CNSM de Paris et de Lyon<br>Entr\u00e9e libre<br>ANNULE \u00e0 cause de l\u2019\u00e9pid\u00e9mie de coronavirus. <br><br><strong>Mardi 7 avril 2020 \u00e0 16h<\/strong><br>Biblioth\u00e8que Louis Nuc\u00e9ra de Nice<br>Concert des Ados<br>El\u00e8ves prometteurs de moins de 19 ans<br>Issus des Conservatoires du D\u00e9partement de Alpes Maritimes.<br>ANNULE \u00e0 cause de l\u2019\u00e9pid\u00e9mie de coronavirus. <br> <br><strong>Mardi 12 mai 2020 \u00e0 16h<br><\/strong>Biblioth\u00e8que Louis Nuc\u00e9ra de NiceConcert de musique de chambre <br>par les \u00e9l\u00e8ves du Conservatoire CNRR de Nice <br>Entr\u00e9e Libre<br>ANNULE \u00e0 cause de l\u2019\u00e9pid\u00e9mie de coronavirus.<br><br><strong>Samedi 5 d\u00e9cembre 2020 \u00e0 15h<\/strong><br>Concert de No\u00ebl<br>Concert de jeunes musiciens<br>El\u00e8ves prometteurs de moins de 13 ans<br>Issus des Conservatoires du D\u00e9partement de Alpes Maritimes.<br>Entr\u00e9e Libre<br>ANNULE \u00e0 cause de l\u2019\u00e9pid\u00e9mie de coronavirus. <br><br><strong>Mardi 2 f\u00e9vrier 2021 \u00e0 16h<br><\/strong>Biblioth\u00e8que Louis Nuc\u00e9ra de Nice<br>Concert des candidats aux Concours CNSM de Paris et de Lyon<br>Entr\u00e9e libre<br>ANNULE \u00e0 cause de l\u2019\u00e9pid\u00e9mie de coronavirus. <br><br><strong>Mardi 6 avril 2021 \u00e0 16h<\/strong><br>Biblioth\u00e8que Louis Nuc\u00e9ra de Nice<br>Concert des Ados<br>El\u00e8ves prometteurs de moins de 19 ans<br>Issus des Conservatoires du D\u00e9partement de Alpes Maritimes. <br>Entr\u00e9e libre <br>ANNULE \u00e0 cause de l\u2019\u00e9pid\u00e9mie de coronavirus. <br><br><strong>Mardi 12 mai 2021 \u00e0 16h<\/strong><br>Biblioth\u00e8que Louis Nuc\u00e9ra de Nice<br>Concert de musique de chambre<br>par les \u00e9l\u00e8ves du Conservatoire CNRR de Nice<br>Entr\u00e9e Libre<br>ANNULE \u00e0 cause de l'\u00e9pid\u00e9mie de coronavirus.<br><br> <strong> Samedi 4 d\u00e9cembre 2021 \u00e0 15h<\/strong><br>Biblioth\u00e8que Louis Nuc\u00e9ra de Nice<br>Concert de No\u00ebl<br>Concert de jeunes talents de moins de 13 ans<br> Issus des Conservatoires du D\u00e9partement de Alpes Maritimes.  <br>Entr\u00e9e Libre<br>  <br> <\/pre>\n\n\n\n<p style=\"text-align:center\"><\/p>\n","protected":false},"excerpt":{"rendered":"<p>Mardi 4 f\u00e9vrier 2020 \u00e0 16hBiblioth\u00e8que Louis Nuc\u00e9ra de NiceConcert des candidats aux Concours CNSM de Paris et de LyonEntr\u00e9e libreANNULE \u00e0 cause de l\u2019\u00e9pid\u00e9mie de coronavirus. Mardi 7 avril 2020 \u00e0 16hBiblioth\u00e8que Louis Nuc\u00e9ra de NiceConcert des AdosEl\u00e8ves prometteurs de moins de 19 ansIssus des Conservatoires du D\u00e9partement de Alpes Maritimes.ANNULE \u00e0 cause de [&hellip;]<\/p>\n","protected":false},"author":3,"featured_media":0,"parent":0,"menu_order":0,"comment_status":"closed","ping_status":"closed","template":"","meta":{"ngg_post_thumbnail":0},"_links":{"self":[{"href":"https:\/\/www.arsantonina.org\/en\/wp-json\/wp\/v2\/pages\/3479"}],"collection":[{"href":"https:\/\/www.arsantonina.org\/en\/wp-json\/wp\/v2\/pages"}],"about":[{"href":"https:\/\/www.arsantonina.org\/en\/wp-json\/wp\/v2\/types\/page"}],"author":[{"embeddable":true,"href":"https:\/\/www.arsantonina.org\/en\/wp-json\/wp\/v2\/users\/3"}],"replies":[{"embeddable":true,"href":"https:\/\/www.arsantonina.org\/en\/wp-json\/wp\/v2\/comments?post=3479"}],"version-history":[{"count":8,"href":"https:\/\/www.arsantonina.org\/en\/wp-json\/wp\/v2\/pages\/3479\/revisions"}],"predecessor-version":[{"id":3516,"href":"https:\/\/www.arsantonina.org\/en\/wp-json\/wp\/v2\/pages\/3479\/revisions\/3516"}],"wp:attachment":[{"href":"https:\/\/www.arsantonina.org\/en\/wp-json\/wp\/v2\/media?parent=3479"}],"curies":[{"name":"wp","href":"https:\/\/api.w.org\/{rel}","templated":true}]}}

<pre class="wp-block-verse"></pre>



<pre style="text-align:center" class="wp-block-verse"><br><strong>Mardi 4 février 2020 à 16h<br></strong>Bibliothèque Louis Nucéra de Nice<br>Concert des candidats aux Concours CNSM de Paris et de Lyon<br>Entrée libre<br>ANNULE à cause de l’épidémie de coronavirus. <br><br><strong>Mardi 7 avril 2020 à 16h</strong><br>Bibliothèque Louis Nucéra de Nice<br>Concert des Ados<br>Elèves prometteurs de moins de 19 ans<br>Issus des Conservatoires du Département de Alpes Maritimes.<br>ANNULE à cause de l’épidémie de coronavirus. <br> <br><strong>Mardi 12 mai 2020 à 16h<br></strong>Bibliothèque Louis Nucéra de NiceConcert de musique de chambre <br>par les élèves du Conservatoire CNRR de Nice <br>Entrée Libre<br>ANNULE à cause de l’épidémie de coronavirus.<br><br><strong>Samedi 5 décembre 2020 à 15h</strong><br>Concert de Noël<br>Concert de jeunes musiciens<br>Elèves prometteurs de moins de 13 ans<br>Issus des Conservatoires du Département de Alpes Maritimes.<br>Entrée Libre<br>ANNULE à cause de l’épidémie de coronavirus. <br><br><strong>Mardi 2 février 2021 à 16h<br></strong>Bibliothèque Louis Nucéra de Nice<br>Concert des candidats aux Concours CNSM de Paris et de Lyon<br>Entrée libre<br>ANNULE à cause de l’épidémie de coronavirus. <br><br><strong>Mardi 6 avril 2021 à 16h</strong><br>Bibliothèque Louis Nucéra de Nice<br>Concert des Ados<br>Elèves prometteurs de moins de 19 ans<br>Issus des Conservatoires du Département de Alpes Maritimes. <br>Entrée libre <br>ANNULE à cause de l’épidémie de coronavirus. <br><br><strong>Mardi 12 mai 2021 à 16h</strong><br>Bibliothèque Louis Nucéra de Nice<br>Concert de musique de chambre<br>par les élèves du Conservatoire CNRR de Nice<br>Entrée Libre<br>ANNULE à cause de l'épidémie de coronavirus.<br><br> <strong> Samedi 4 décembre 2021 à 15h</strong><br>Bibliothèque Louis Nucéra de Nice<br>Concert de Noël<br>Concert de jeunes talents de moins de 13 ans<br> Issus des Conservatoires du Département de Alpes Maritimes.  <br>Entrée Libre<br>  <br> </pre>



<p style="text-align:center"></p>

<p>Mardi 4 février 2020 à 16hBibliothèque Louis Nucéra de NiceConcert des candidats aux Concours CNSM de Paris et de LyonEntrée libreANNULE à cause de l’épidémie de coronavirus. Mardi 7 avril 2020 à 16hBibliothèque Louis Nucéra de NiceConcert des AdosElèves prometteurs de moins de 19 ansIssus des Conservatoires du Département de Alpes Maritimes.ANNULE à cause de [&hellip;]</p>
