{"id":3470,"date":"2021-02-05T20:34:22","date_gmt":"2021-02-05T20:34:22","guid":{"rendered":"http:\/\/www.arsantonina.org\/?page_id=3470"},"modified":"2021-02-05T20:34:30","modified_gmt":"2021-02-05T20:34:30","slug":"saison-2018-2019","status":"publish","type":"page","link":"https:\/\/www.arsantonina.org\/en\/saison-2018-2019\/","title":{"rendered":"Saison 2018 &#8211; 2019"},"content":{"rendered":"\n<p style=\"text-align:center\"><strong>Vendredi 16 novembre 2018 \u00e0 16h<\/strong><\/p>\n\n\n\n<h2 style=\"text-align:center\"><strong>PROGRAMME ARTISTIQUE<br>2018 \/ 2019<\/strong><\/h2>\n\n\n\n<p style=\"text-align:center\">Concert de No\u00ebl<br>Concert de jeunes musiciens<br>El\u00e8ves prometteurs de moins de 13 ans<br>Issus des Conservatoires du D\u00e9partement de Alpes Maritimes.<br>Entr\u00e9e Libre<\/p>\n\n\n\n<p style=\"text-align:center\"><strong>***<\/strong><\/p>\n\n\n\n<p style=\"text-align:center\"><strong>Mardi 5 f\u00e9vrier 2019 \u00e0 16h<\/strong><\/p>\n\n\n\n<p style=\"text-align:center\">Biblioth\u00e8que Louis Nuc\u00e9ra de Nice<\/p>\n\n\n\n<p style=\"text-align:center\"><a href=\"http:\/\/www.arsantonina.org\/5-fevrier-2019\/\">Concert des candidats<\/a> aux Concours CNSM de Paris et de Lyon<br>Entr\u00e9e libre<\/p>\n\n\n\n<p style=\"text-align:center\"><strong>***<\/strong><\/p>\n\n\n\n<p style=\"text-align:center\"><strong>Mardi 2 avril 2019 \u00e0 16h<br><\/strong><br>Biblioth\u00e8que Louis Nuc\u00e9ra de Nice<br><a href=\"http:\/\/www.arsantonina.org\/concert-du-2-avril-2019\/\">Concert des Ados<\/a><br>&nbsp;El\u00e8ves prometteurs de moins de 19 ans<br>Issus des Conservatoires du D\u00e9partement de Alpes Maritimes.<br>Entr\u00e9e Libre<\/p>\n\n\n\n<p style=\"text-align:center\">***<\/p>\n\n\n\n<p style=\"text-align:center\"><strong>Mardi 21 mai 2019 \u00e0 16h<\/strong><\/p>\n\n\n\n<p style=\"text-align:center\">Biblioth\u00e8que Louis Nuc\u00e9ra de Nice<\/p>\n\n\n\n<p style=\"text-align:center\"><a href=\"http:\/\/www.arsantonina.org\/concert-du\/\">Concert de musique de chambre<\/a><br>par les \u00e9l\u00e8ves du Conservatoire CNRR de Nice<br>Entr\u00e9e Libre<\/p>\n\n\n\n<p style=\"text-align:center\">***<\/p>\n\n\n\n<p style=\"text-align:center\"><strong>Samedi 25 mai 2019 \u00e0 16h<\/strong><\/p>\n\n\n\n<p style=\"text-align:center\">Biblioth\u00e8que Louis Nuc\u00e9ra de Nice<br><a href=\"http:\/\/www.arsantonina.org\/concert-du-25-mai-2019\/\">Concert de jeunes talents<\/a><br>El\u00e8ves prometteurs de moins de 13 ans<br>Issus des Conservatoires du D\u00e9partement de Alpes Maritimes.<br>Entr\u00e9e Libre<\/p>\n","protected":false},"excerpt":{"rendered":"<p>Vendredi 16 novembre 2018 \u00e0 16h PROGRAMME ARTISTIQUE2018 \/ 2019 Concert de No\u00eblConcert de jeunes musiciensEl\u00e8ves prometteurs de moins de 13 ansIssus des Conservatoires du D\u00e9partement de Alpes Maritimes.Entr\u00e9e Libre *** Mardi 5 f\u00e9vrier 2019 \u00e0 16h Biblioth\u00e8que Louis Nuc\u00e9ra de Nice Concert des candidats aux Concours CNSM de Paris et de LyonEntr\u00e9e libre *** [&hellip;]<\/p>\n","protected":false},"author":3,"featured_media":0,"parent":0,"menu_order":0,"comment_status":"closed","ping_status":"closed","template":"","meta":{"ngg_post_thumbnail":0},"_links":{"self":[{"href":"https:\/\/www.arsantonina.org\/en\/wp-json\/wp\/v2\/pages\/3470"}],"collection":[{"href":"https:\/\/www.arsantonina.org\/en\/wp-json\/wp\/v2\/pages"}],"about":[{"href":"https:\/\/www.arsantonina.org\/en\/wp-json\/wp\/v2\/types\/page"}],"author":[{"embeddable":true,"href":"https:\/\/www.arsantonina.org\/en\/wp-json\/wp\/v2\/users\/3"}],"replies":[{"embeddable":true,"href":"https:\/\/www.arsantonina.org\/en\/wp-json\/wp\/v2\/comments?post=3470"}],"version-history":[{"count":2,"href":"https:\/\/www.arsantonina.org\/en\/wp-json\/wp\/v2\/pages\/3470\/revisions"}],"predecessor-version":[{"id":3472,"href":"https:\/\/www.arsantonina.org\/en\/wp-json\/wp\/v2\/pages\/3470\/revisions\/3472"}],"wp:attachment":[{"href":"https:\/\/www.arsantonina.org\/en\/wp-json\/wp\/v2\/media?parent=3470"}],"curies":[{"name":"wp","href":"https:\/\/api.w.org\/{rel}","templated":true}]}}

<p style="text-align:center"><strong>Vendredi 16 novembre 2018 à 16h</strong></p>



<h2 style="text-align:center"><strong>PROGRAMME ARTISTIQUE<br>2018 / 2019</strong></h2>



<p style="text-align:center">Concert de Noël<br>Concert de jeunes musiciens<br>Elèves prometteurs de moins de 13 ans<br>Issus des Conservatoires du Département de Alpes Maritimes.<br>Entrée Libre</p>



<p style="text-align:center"><strong>***</strong></p>



<p style="text-align:center"><strong>Mardi 5 février 2019 à 16h</strong></p>



<p style="text-align:center">Bibliothèque Louis Nucéra de Nice</p>



<p style="text-align:center"><a href="http://www.arsantonina.org/5-fevrier-2019/">Concert des candidats</a> aux Concours CNSM de Paris et de Lyon<br>Entrée libre</p>



<p style="text-align:center"><strong>***</strong></p>



<p style="text-align:center"><strong>Mardi 2 avril 2019 à 16h<br></strong><br>Bibliothèque Louis Nucéra de Nice<br><a href="http://www.arsantonina.org/concert-du-2-avril-2019/">Concert des Ados</a><br>&nbsp;Elèves prometteurs de moins de 19 ans<br>Issus des Conservatoires du Département de Alpes Maritimes.<br>Entrée Libre</p>



<p style="text-align:center">***</p>



<p style="text-align:center"><strong>Mardi 21 mai 2019 à 16h</strong></p>



<p style="text-align:center">Bibliothèque Louis Nucéra de Nice</p>



<p style="text-align:center"><a href="http://www.arsantonina.org/concert-du/">Concert de musique de chambre</a><br>par les élèves du Conservatoire CNRR de Nice<br>Entrée Libre</p>



<p style="text-align:center">***</p>



<p style="text-align:center"><strong>Samedi 25 mai 2019 à 16h</strong></p>



<p style="text-align:center">Bibliothèque Louis Nucéra de Nice<br><a href="http://www.arsantonina.org/concert-du-25-mai-2019/">Concert de jeunes talents</a><br>Elèves prometteurs de moins de 13 ans<br>Issus des Conservatoires du Département de Alpes Maritimes.<br>Entrée Libre</p>

<p>Vendredi 16 novembre 2018 à 16h PROGRAMME ARTISTIQUE2018 / 2019 Concert de NoëlConcert de jeunes musiciensElèves prometteurs de moins de 13 ansIssus des Conservatoires du Département de Alpes Maritimes.Entrée Libre *** Mardi 5 février 2019 à 16h Bibliothèque Louis Nucéra de Nice Concert des candidats aux Concours CNSM de Paris et de LyonEntrée libre *** [&hellip;]</p>
