{"id":3289,"date":"2019-06-05T18:04:13","date_gmt":"2019-06-05T18:04:13","guid":{"rendered":"http:\/\/www.arsantonina.org\/?page_id=3289"},"modified":"2019-06-06T00:14:08","modified_gmt":"2019-06-06T00:14:08","slug":"saison-2015-2016","status":"publish","type":"page","link":"https:\/\/www.arsantonina.org\/en\/saison-2015-2016\/","title":{"rendered":"Saison 2015-2016"},"content":{"rendered":"<h4 style=\"text-align: center;\"><strong>PROGRAMME<\/strong><\/h4>\n<p>&nbsp;<\/p>\n<p style=\"text-align: center;\"><strong>Mercredi 30 septembre 2015, 20h<\/strong><br \/>\nAu Th\u00e9\u00e2tre des Vari\u00e9t\u00e9s de Monaco<br \/>\nConcert de piano de Ji LIU<br \/>\nTarifs Adulte : 25\u20ac \/ Membre : 10\u20ac \/ Etudiant : 5\u20ac<\/p>\n<p style=\"text-align: center;\"><strong>Mardi 3 novembre 2015, 20h<\/strong><br \/>\nAu Th\u00e9\u00e2tre des Vari\u00e9t\u00e9s de Monaco<br \/>\nConcert de violon de Liya PETROVA<br \/>\nTarifs Adulte : 20\u20ac \/ Membre : 10\u20ac \/ Etudiant : gratuit<\/p>\n<p style=\"text-align: center;\"><strong>Mercredi 9 d\u00e9cembre 2015, 17h<\/strong><br \/>\nAu Th\u00e9\u00e2tre des Vari\u00e9t\u00e9s de Monaco<br \/>\nConcert de No\u00ebl<br \/>\nJeunes talents prometteurs de moins de 13 ans<br \/>\nissus des Conservatoires de la R\u00e9gion PACA<br \/>\nEntr\u00e9e gratuite<\/p>\n<p style=\"text-align: center;\"><strong>Mercredi 13 Janvier 2016, 20h<\/strong><br \/>\nAu Th\u00e9\u00e2tre des Vari\u00e9t\u00e9s de Monaco<br \/>\nR\u00e9cital de clarinette de Bettina AUST<br \/>\nTarifs Adulte : 20\u20ac \/ Membre : 10\u20ac \/ Etudiant : gratuit<\/p>\n<p style=\"text-align: center;\"><strong>Jeudi 4 f\u00e9vrier 2015, 17h<\/strong><br \/>\n\u00c0 la Biblioth\u00e8que Louis Nuc\u00e9ra, Nice<br \/>\nCandidats au CNSM de Paris et de Lyon<br \/>\nEntr\u00e9e libre<\/p>\n<p style=\"text-align: center;\"><strong>Mercredi 6 avril 2016, 20h<\/strong><br \/>\nAu Th\u00e9\u00e2tre des Vari\u00e9t\u00e9s de Monaco<br \/>\nR\u00e9cital de piano de Tomoki Sakata<br \/>\nTarif Adulte : 20\u20ac \/ Membre : 10\u20ac \/ Etudiant : gratuit<\/p>\n<p style=\"text-align: center;\"><strong>Jeudi 12 mai 2015, 17h<\/strong><br \/>\n\u00c0 la Biblioth\u00e8que Louis Nuc\u00e9ra, Nice<br \/>\nConcert des Ados<br \/>\nJeunes talents des Conservatoires de la R\u00e9gion PACA<br \/>\nEntr\u00e9e libre<\/p>\n","protected":false},"excerpt":{"rendered":"<p>PROGRAMME &nbsp; Mercredi 30 septembre 2015, 20h Au Th\u00e9\u00e2tre des Vari\u00e9t\u00e9s de Monaco Concert de piano de Ji LIU Tarifs Adulte : 25\u20ac \/ Membre : 10\u20ac \/ Etudiant : 5\u20ac Mardi 3 novembre 2015, 20h Au Th\u00e9\u00e2tre des Vari\u00e9t\u00e9s de Monaco Concert de violon de Liya PETROVA Tarifs Adulte : 20\u20ac \/ Membre : [&hellip;]<\/p>\n","protected":false},"author":3,"featured_media":947,"parent":0,"menu_order":0,"comment_status":"closed","ping_status":"closed","template":"","meta":{"ngg_post_thumbnail":0},"_links":{"self":[{"href":"https:\/\/www.arsantonina.org\/en\/wp-json\/wp\/v2\/pages\/3289"}],"collection":[{"href":"https:\/\/www.arsantonina.org\/en\/wp-json\/wp\/v2\/pages"}],"about":[{"href":"https:\/\/www.arsantonina.org\/en\/wp-json\/wp\/v2\/types\/page"}],"author":[{"embeddable":true,"href":"https:\/\/www.arsantonina.org\/en\/wp-json\/wp\/v2\/users\/3"}],"replies":[{"embeddable":true,"href":"https:\/\/www.arsantonina.org\/en\/wp-json\/wp\/v2\/comments?post=3289"}],"version-history":[{"count":4,"href":"https:\/\/www.arsantonina.org\/en\/wp-json\/wp\/v2\/pages\/3289\/revisions"}],"predecessor-version":[{"id":3313,"href":"https:\/\/www.arsantonina.org\/en\/wp-json\/wp\/v2\/pages\/3289\/revisions\/3313"}],"wp:featuredmedia":[{"embeddable":true,"href":"https:\/\/www.arsantonina.org\/en\/wp-json\/wp\/v2\/media\/947"}],"wp:attachment":[{"href":"https:\/\/www.arsantonina.org\/en\/wp-json\/wp\/v2\/media?parent=3289"}],"curies":[{"name":"wp","href":"https:\/\/api.w.org\/{rel}","templated":true}]}}

<h4 style="text-align: center;"><strong>PROGRAMME</strong></h4>
<p>&nbsp;</p>
<p style="text-align: center;"><strong>Mercredi 30 septembre 2015, 20h</strong><br />
Au Théâtre des Variétés de Monaco<br />
Concert de piano de Ji LIU<br />
Tarifs Adulte : 25€ / Membre : 10€ / Etudiant : 5€</p>
<p style="text-align: center;"><strong>Mardi 3 novembre 2015, 20h</strong><br />
Au Théâtre des Variétés de Monaco<br />
Concert de violon de Liya PETROVA<br />
Tarifs Adulte : 20€ / Membre : 10€ / Etudiant : gratuit</p>
<p style="text-align: center;"><strong>Mercredi 9 décembre 2015, 17h</strong><br />
Au Théâtre des Variétés de Monaco<br />
Concert de Noël<br />
Jeunes talents prometteurs de moins de 13 ans<br />
issus des Conservatoires de la Région PACA<br />
Entrée gratuite</p>
<p style="text-align: center;"><strong>Mercredi 13 Janvier 2016, 20h</strong><br />
Au Théâtre des Variétés de Monaco<br />
Récital de clarinette de Bettina AUST<br />
Tarifs Adulte : 20€ / Membre : 10€ / Etudiant : gratuit</p>
<p style="text-align: center;"><strong>Jeudi 4 février 2015, 17h</strong><br />
À la Bibliothèque Louis Nucéra, Nice<br />
Candidats au CNSM de Paris et de Lyon<br />
Entrée libre</p>
<p style="text-align: center;"><strong>Mercredi 6 avril 2016, 20h</strong><br />
Au Théâtre des Variétés de Monaco<br />
Récital de piano de Tomoki Sakata<br />
Tarif Adulte : 20€ / Membre : 10€ / Etudiant : gratuit</p>
<p style="text-align: center;"><strong>Jeudi 12 mai 2015, 17h</strong><br />
À la Bibliothèque Louis Nucéra, Nice<br />
Concert des Ados<br />
Jeunes talents des Conservatoires de la Région PACA<br />
Entrée libre</p>

<p>PROGRAMME &nbsp; Mercredi 30 septembre 2015, 20h Au Théâtre des Variétés de Monaco Concert de piano de Ji LIU Tarifs Adulte : 25€ / Membre : 10€ / Etudiant : 5€ Mardi 3 novembre 2015, 20h Au Théâtre des Variétés de Monaco Concert de violon de Liya PETROVA Tarifs Adulte : 20€ / Membre : [&hellip;]</p>
