{"id":3012,"date":"2019-06-04T20:15:39","date_gmt":"2019-06-04T20:15:39","guid":{"rendered":"http:\/\/www.arsantonina.org\/?page_id=3012"},"modified":"2019-06-05T15:51:27","modified_gmt":"2019-06-05T15:51:27","slug":"saison-2017-2018","status":"publish","type":"page","link":"https:\/\/www.arsantonina.org\/en\/saison-2017-2018\/","title":{"rendered":"Saison 2017-2018"},"content":{"rendered":"\n<h4 style=\"text-align:center\"><strong>PROGRAMME ARTISTIQUE<br><\/strong><\/h4>\n\n\n\n<p><\/p>\n\n\n\n<p style=\"text-align:center\"><br><strong>Mardi 10&nbsp;octobre 2017 \u00e0 20h<br><\/strong>&nbsp;Th\u00e9\u00e2tre des Vari\u00e9t\u00e9s de Monaco<br><strong><a href=\"http:\/\/www.arsantonina.org\/succes-triomphal-dmitry-masleev\/\">Dmitry Masleev<\/a><br><\/strong>Laur\u00e9at 1er Prix du prestigieux concours Tcha\u00efkovsky 2015<br>Au programme&nbsp;: Haydn, Schubert, Tcha\u00efkovsky<br>Tarif public : 25\u20ac \/ Membre : 10\u20ac \/ Etudiant : gratuit<\/p>\n\n\n\n<p style=\"text-align:center\">***<\/p>\n\n\n\n<p style=\"text-align:center\"><strong>Samedi 2&nbsp;d\u00e9cembre 2017 \u00e0 18h<br><\/strong>Th\u00e9\u00e2tre des Vari\u00e9t\u00e9s de Monaco<br><strong><a href=\"http:\/\/www.arsantonina.org\/concert-de-noel-2017\/\">Traditionnel Concert de No\u00ebl<\/a><br><\/strong>des jeunes talents du D\u00e9partement \u00e2g\u00e9s de moins de 13 ans.<br>Entr\u00e9e&nbsp;libre<\/p>\n\n\n\n<p style=\"text-align:center\">***<\/p>\n\n\n\n<p style=\"text-align:center\"><strong>Mardi 16 janvier 2018 \u00e0 20h<br><\/strong>Th\u00e9\u00e2tre des Vari\u00e9t\u00e9s de Monaco<br><strong><a href=\"http:\/\/www.arsantonina.org\/alim-beisembayev-en-recital\/\">Alim Beisembayev<\/a><\/strong><br>Laur\u00e9at du Concours de piano Van Cliburn Junior<\/p>\n\n\n\n<p style=\"text-align:center\">***<\/p>\n\n\n\n<p style=\"text-align:center\"><strong>Mardi 6 f\u00e9vrier 2018 \u00e0 16h30<br><\/strong>Biblioth\u00e8que Louis Nuc\u00e9ra de Nice<br><a href=\"http:\/\/www.arsantonina.org\/concert-candidats-cnsm-2018\/\"><strong>Concert des candidats aux Concours CNSM de Paris et de Lyon<\/strong><\/a><br>Entr\u00e9e libre<\/p>\n\n\n\n<p style=\"text-align:center\">***<\/p>\n\n\n\n<p style=\"text-align:center\"><strong>Mardi 13 mars 2018 \u00e0 20h<br><\/strong>Th\u00e9\u00e2tre des Vari\u00e9t\u00e9s de Monaco<br>R\u00e9cital de violon de<strong> Savitry Grier, <\/strong>accompagn\u00e9 au piano par<strong> Richard Uttley<br><\/strong>Tarif public : 25 \u20ac \/ Membre : 10\u20ac \/ Etudiant : Gratuit<\/p>\n\n\n\n<p style=\"text-align:center\">***<\/p>\n\n\n\n<p style=\"text-align:center\"><strong>Mardi 17 avril 2018 \u00e0 16h00<br><\/strong>Biblioth\u00e8que Louis Nuc\u00e9ra de Nice<br>Concert des Ados : El\u00e8ves prometteurs de moins de 18 ans, issus des Conservatoires du D\u00e9partement de Alpes Maritimes.<br>Entr\u00e9e Libre<\/p>\n\n\n\n<p style=\"text-align:center\">***<\/p>\n\n\n\n<p style=\"text-align:center\"><strong>Mardi 5 juin&nbsp;2018 \u00e0 16h00<\/strong><br>Biblioth\u00e8que Louis Nuc\u00e9ra de Nice<br>Concert de l&#8217;un des \u00e9l\u00e8ves les plus prometteurs issu de la R\u00e9gion, m\u00e9ritant un r\u00e9cital solo.<\/p>\n\n\n\n<p style=\"text-align:center\"><\/p>\n","protected":false},"excerpt":{"rendered":"<p>PROGRAMME ARTISTIQUE Mardi 10&nbsp;octobre 2017 \u00e0 20h&nbsp;Th\u00e9\u00e2tre des Vari\u00e9t\u00e9s de MonacoDmitry MasleevLaur\u00e9at 1er Prix du prestigieux concours Tcha\u00efkovsky 2015Au programme&nbsp;: Haydn, Schubert, Tcha\u00efkovskyTarif public : 25\u20ac \/ Membre : 10\u20ac \/ Etudiant : gratuit *** Samedi 2&nbsp;d\u00e9cembre 2017 \u00e0 18hTh\u00e9\u00e2tre des Vari\u00e9t\u00e9s de MonacoTraditionnel Concert de No\u00ebldes jeunes talents du D\u00e9partement \u00e2g\u00e9s de moins de [&hellip;]<\/p>\n","protected":false},"author":1,"featured_media":950,"parent":0,"menu_order":0,"comment_status":"closed","ping_status":"closed","template":"","meta":{"ngg_post_thumbnail":0},"_links":{"self":[{"href":"https:\/\/www.arsantonina.org\/en\/wp-json\/wp\/v2\/pages\/3012"}],"collection":[{"href":"https:\/\/www.arsantonina.org\/en\/wp-json\/wp\/v2\/pages"}],"about":[{"href":"https:\/\/www.arsantonina.org\/en\/wp-json\/wp\/v2\/types\/page"}],"author":[{"embeddable":true,"href":"https:\/\/www.arsantonina.org\/en\/wp-json\/wp\/v2\/users\/1"}],"replies":[{"embeddable":true,"href":"https:\/\/www.arsantonina.org\/en\/wp-json\/wp\/v2\/comments?post=3012"}],"version-history":[{"count":39,"href":"https:\/\/www.arsantonina.org\/en\/wp-json\/wp\/v2\/pages\/3012\/revisions"}],"predecessor-version":[{"id":3185,"href":"https:\/\/www.arsantonina.org\/en\/wp-json\/wp\/v2\/pages\/3012\/revisions\/3185"}],"wp:featuredmedia":[{"embeddable":true,"href":"https:\/\/www.arsantonina.org\/en\/wp-json\/wp\/v2\/media\/950"}],"wp:attachment":[{"href":"https:\/\/www.arsantonina.org\/en\/wp-json\/wp\/v2\/media?parent=3012"}],"curies":[{"name":"wp","href":"https:\/\/api.w.org\/{rel}","templated":true}]}}

<h4 style="text-align:center"><strong>PROGRAMME ARTISTIQUE<br></strong></h4>



<p></p>



<p style="text-align:center"><br><strong>Mardi 10&nbsp;octobre 2017 à 20h<br></strong>&nbsp;Théâtre des Variétés de Monaco<br><strong><a href="http://www.arsantonina.org/succes-triomphal-dmitry-masleev/">Dmitry Masleev</a><br></strong>Lauréat 1er Prix du prestigieux concours Tchaïkovsky 2015<br>Au programme&nbsp;: Haydn, Schubert, Tchaïkovsky<br>Tarif public : 25€ / Membre : 10€ / Etudiant : gratuit</p>



<p style="text-align:center">***</p>



<p style="text-align:center"><strong>Samedi 2&nbsp;décembre 2017 à 18h<br></strong>Théâtre des Variétés de Monaco<br><strong><a href="http://www.arsantonina.org/concert-de-noel-2017/">Traditionnel Concert de Noël</a><br></strong>des jeunes talents du Département âgés de moins de 13 ans.<br>Entrée&nbsp;libre</p>



<p style="text-align:center">***</p>



<p style="text-align:center"><strong>Mardi 16 janvier 2018 à 20h<br></strong>Théâtre des Variétés de Monaco<br><strong><a href="http://www.arsantonina.org/alim-beisembayev-en-recital/">Alim Beisembayev</a></strong><br>Lauréat du Concours de piano Van Cliburn Junior</p>



<p style="text-align:center">***</p>



<p style="text-align:center"><strong>Mardi 6 février 2018 à 16h30<br></strong>Bibliothèque Louis Nucéra de Nice<br><a href="http://www.arsantonina.org/concert-candidats-cnsm-2018/"><strong>Concert des candidats aux Concours CNSM de Paris et de Lyon</strong></a><br>Entrée libre</p>



<p style="text-align:center">***</p>



<p style="text-align:center"><strong>Mardi 13 mars 2018 à 20h<br></strong>Théâtre des Variétés de Monaco<br>Récital de violon de<strong> Savitry Grier, </strong>accompagné au piano par<strong> Richard Uttley<br></strong>Tarif public : 25 € / Membre : 10€ / Etudiant : Gratuit</p>



<p style="text-align:center">***</p>



<p style="text-align:center"><strong>Mardi 17 avril 2018 à 16h00<br></strong>Bibliothèque Louis Nucéra de Nice<br>Concert des Ados : Elèves prometteurs de moins de 18 ans, issus des Conservatoires du Département de Alpes Maritimes.<br>Entrée Libre</p>



<p style="text-align:center">***</p>



<p style="text-align:center"><strong>Mardi 5 juin&nbsp;2018 à 16h00</strong><br>Bibliothèque Louis Nucéra de Nice<br>Concert de l&#8217;un des élèves les plus prometteurs issu de la Région, méritant un récital solo.</p>



<p style="text-align:center"></p>

<p>PROGRAMME ARTISTIQUE Mardi 10&nbsp;octobre 2017 à 20h&nbsp;Théâtre des Variétés de MonacoDmitry MasleevLauréat 1er Prix du prestigieux concours Tchaïkovsky 2015Au programme&nbsp;: Haydn, Schubert, TchaïkovskyTarif public : 25€ / Membre : 10€ / Etudiant : gratuit *** Samedi 2&nbsp;décembre 2017 à 18hThéâtre des Variétés de MonacoTraditionnel Concert de Noëldes jeunes talents du Département âgés de moins de [&hellip;]</p>
