{"id":2735,"date":"2018-05-25T11:12:42","date_gmt":"2018-05-25T11:12:42","guid":{"rendered":"http:\/\/www.arsantonina.org\/?page_id=2735"},"modified":"2018-05-25T11:12:42","modified_gmt":"2018-05-25T11:12:42","slug":"concert-ados-2018-2","status":"publish","type":"page","link":"https:\/\/www.arsantonina.org\/en\/concert-ados-2018-2\/","title":{"rendered":"Concert des Ados 2018"},"content":{"rendered":"<p style=\"text-align: justify;\"><img decoding=\"async\" loading=\"lazy\" class=\"alignleft size-full wp-image-2736\" src=\"http:\/\/www.arsantonina.org\/wp-content\/uploads\/low-IMG_0332.jpg\" alt=\"\" width=\"450\" height=\"300\" srcset=\"https:\/\/www.arsantonina.org\/wp-content\/uploads\/low-IMG_0332.jpg 450w, https:\/\/www.arsantonina.org\/wp-content\/uploads\/low-IMG_0332-300x200.jpg 300w\" sizes=\"(max-width: 450px) 100vw, 450px\" \/>L\u2019Association Ars Antonina en partenariat avec la Ville de Nice a organis\u00e9 \u00e0 la Biblioth\u00e8que Louis Nuc\u00e9ra de Nice son concert annuel de jeunes musiciens prometteurs issus des Conservatoires d\u2019Antibes, Cannes et Nice.<\/p>\n<p style=\"text-align: justify;\">On entendit la jeune Laura Fabresse (11 ans), corniste, \u00e9l\u00e8ve au Conservatoire de Cannes de Wilfried Fournier, dans la \u00ab\u00a0Romance\u00a0\u00bb opus 36 de Saint-Sa\u00ebns et dans la \u00ab\u00a0Pi\u00e8ce m\u00e9lodique originale\u00a0n\u00b0 1\u00a0\u00bb de Gounod. Elle y fit preuve d\u2019une belle sonorit\u00e9.<\/p>\n<p style=\"text-align: justify;\">Charlotte Cassagnabere\u00a0 (16 ans) et Homa\u00ef Buffet (17 ans), clarinettistes (\u00e9l\u00e8ves de Gilles Swierc au C.N.R.R. de Nice) jou\u00e8rent le 1<sup>er<\/sup> mouvement allegro du \u00ab\u00a0Concerto opus 35\u00a0\u00bb de Franz Krommer.<\/p>\n<p style=\"text-align: justify;\">Adeline Regad (17 ans), violon, (\u00e9l\u00e8ve au C.N.R.R. de Nice)\u00a0 se distingua dans l\u2019\u00a0\u00ab\u00a0Allemande\u00a0\u00bb de la \u00ab\u00a0Partita n\u00b0 2, BWV 1004\u00a0\u00bb de J.-S. Bach et dans \u00ab\u00a0Les Furies\u00a0\u00bb de la \u00ab\u00a0Sonata\u00a0\u00bb n\u00b0 2 de E. Ysaye.<\/p>\n<p style=\"text-align: justify;\">Au piano, Astrid Simendl (17 ans, \u00e9l\u00e8ve de Stephanos Thomopoulos au C.N.R.R. de Nice) enleva brillamment l\u2019\u00a0\u00ab\u00a0Allegretto\u00a0\u00bb de la \u00ab\u00a06<sup>e<\/sup> Sonate opus 10\u00a0\u00bb de Beethoven et \u00ab\u00a0Une barque sur l\u2019oc\u00e9an\u00a0\u00bb de Ravel.<\/p>\n<p style=\"text-align: justify;\">Agathe Bagland (17 ans),\u00a0 harpiste (\u00e9l\u00e8ve de Magali Pyka de Coster au Conservatoire d\u2019Antiibes) rendit tout le charme des \u00ab\u00a0Absidioles\u00a0\u00bb de Bernard Andr\u00e8s.<\/p>\n<p style=\"text-align: justify;\">Quant \u00e0 Stella Legras, pianiste de 13 ans, (\u00e9l\u00e8ve d\u2019Am\u00e9d\u00e9e Briggen au C.N.R.R. de Nice), elle fit preuve d\u2019une \u00e9tonnante ma\u00eetrise et maturit\u00e9 dans le \u00ab\u00a0Pr\u00e9lude n\u00b0 7\u00a0\u00bb de F. Mompou, l\u2019\u00a0\u00ab\u00a0Etude n\u00b0 5 opus 10\u00a0\u00bb\u00a0 et la \u00ab\u00a0Fantaisie-Impromptu\u00a0\u00bb en do di\u00e8se mineur, opus 66, de F. Chopin.<\/p>\n<p style=\"text-align: justify;\">Tous ces jeunes artistes, fort appr\u00e9ci\u00e9s du public, ont fait honneur \u00e0 leurs professeurs et m\u00e9ritent un bel avenir dans leurs \u00e9tudes.<\/p>\n","protected":false},"excerpt":{"rendered":"<p>L\u2019Association Ars Antonina en partenariat avec la Ville de Nice a organis\u00e9 \u00e0 la Biblioth\u00e8que Louis Nuc\u00e9ra de Nice son concert annuel de jeunes musiciens prometteurs issus des Conservatoires d\u2019Antibes, Cannes et Nice. On entendit la jeune Laura Fabresse (11 ans), corniste, \u00e9l\u00e8ve au Conservatoire de Cannes de Wilfried Fournier, dans la \u00ab\u00a0Romance\u00a0\u00bb opus 36 [&hellip;]<\/p>\n","protected":false},"author":1,"featured_media":0,"parent":0,"menu_order":0,"comment_status":"closed","ping_status":"closed","template":"","meta":{"ngg_post_thumbnail":0},"_links":{"self":[{"href":"https:\/\/www.arsantonina.org\/en\/wp-json\/wp\/v2\/pages\/2735"}],"collection":[{"href":"https:\/\/www.arsantonina.org\/en\/wp-json\/wp\/v2\/pages"}],"about":[{"href":"https:\/\/www.arsantonina.org\/en\/wp-json\/wp\/v2\/types\/page"}],"author":[{"embeddable":true,"href":"https:\/\/www.arsantonina.org\/en\/wp-json\/wp\/v2\/users\/1"}],"replies":[{"embeddable":true,"href":"https:\/\/www.arsantonina.org\/en\/wp-json\/wp\/v2\/comments?post=2735"}],"version-history":[{"count":1,"href":"https:\/\/www.arsantonina.org\/en\/wp-json\/wp\/v2\/pages\/2735\/revisions"}],"predecessor-version":[{"id":2738,"href":"https:\/\/www.arsantonina.org\/en\/wp-json\/wp\/v2\/pages\/2735\/revisions\/2738"}],"wp:attachment":[{"href":"https:\/\/www.arsantonina.org\/en\/wp-json\/wp\/v2\/media?parent=2735"}],"curies":[{"name":"wp","href":"https:\/\/api.w.org\/{rel}","templated":true}]}}

<p style="text-align: justify;"><img decoding="async" loading="lazy" class="alignleft size-full wp-image-2736" src="http://www.arsantonina.org/wp-content/uploads/low-IMG_0332.jpg" alt="" width="450" height="300" srcset="https://www.arsantonina.org/wp-content/uploads/low-IMG_0332.jpg 450w, https://www.arsantonina.org/wp-content/uploads/low-IMG_0332-300x200.jpg 300w" sizes="(max-width: 450px) 100vw, 450px" />L’Association Ars Antonina en partenariat avec la Ville de Nice a organisé à la Bibliothèque Louis Nucéra de Nice son concert annuel de jeunes musiciens prometteurs issus des Conservatoires d’Antibes, Cannes et Nice.</p>
<p style="text-align: justify;">On entendit la jeune Laura Fabresse (11 ans), corniste, élève au Conservatoire de Cannes de Wilfried Fournier, dans la « Romance » opus 36 de Saint-Saëns et dans la « Pièce mélodique originale n° 1 » de Gounod. Elle y fit preuve d’une belle sonorité.</p>
<p style="text-align: justify;">Charlotte Cassagnabere  (16 ans) et Homaï Buffet (17 ans), clarinettistes (élèves de Gilles Swierc au C.N.R.R. de Nice) jouèrent le 1<sup>er</sup> mouvement allegro du « Concerto opus 35 » de Franz Krommer.</p>
<p style="text-align: justify;">Adeline Regad (17 ans), violon, (élève au C.N.R.R. de Nice)  se distingua dans l’ « Allemande » de la « Partita n° 2, BWV 1004 » de J.-S. Bach et dans « Les Furies » de la « Sonata » n° 2 de E. Ysaye.</p>
<p style="text-align: justify;">Au piano, Astrid Simendl (17 ans, élève de Stephanos Thomopoulos au C.N.R.R. de Nice) enleva brillamment l’ « Allegretto » de la « 6<sup>e</sup> Sonate opus 10 » de Beethoven et « Une barque sur l’océan » de Ravel.</p>
<p style="text-align: justify;">Agathe Bagland (17 ans),  harpiste (élève de Magali Pyka de Coster au Conservatoire d’Antiibes) rendit tout le charme des « Absidioles » de Bernard Andrès.</p>
<p style="text-align: justify;">Quant à Stella Legras, pianiste de 13 ans, (élève d’Amédée Briggen au C.N.R.R. de Nice), elle fit preuve d’une étonnante maîtrise et maturité dans le « Prélude n° 7 » de F. Mompou, l’ « Etude n° 5 opus 10 »  et la « Fantaisie-Impromptu » en do dièse mineur, opus 66, de F. Chopin.</p>
<p style="text-align: justify;">Tous ces jeunes artistes, fort appréciés du public, ont fait honneur à leurs professeurs et méritent un bel avenir dans leurs études.</p>

<p>L’Association Ars Antonina en partenariat avec la Ville de Nice a organisé à la Bibliothèque Louis Nucéra de Nice son concert annuel de jeunes musiciens prometteurs issus des Conservatoires d’Antibes, Cannes et Nice. On entendit la jeune Laura Fabresse (11 ans), corniste, élève au Conservatoire de Cannes de Wilfried Fournier, dans la « Romance » opus 36 [&hellip;]</p>
