{"id":2425,"date":"2018-01-30T08:38:39","date_gmt":"2018-01-30T08:38:39","guid":{"rendered":"http:\/\/www.arsantonina.org\/?page_id=2425"},"modified":"2018-01-30T09:26:25","modified_gmt":"2018-01-30T09:26:25","slug":"concert-candidats-cnsm-2018","status":"publish","type":"page","link":"https:\/\/www.arsantonina.org\/en\/concert-candidats-cnsm-2018\/","title":{"rendered":"Concert des candidats aux CNSM de Paris et de Lyon"},"content":{"rendered":"<p><img decoding=\"async\" loading=\"lazy\" class=\"wp-image-2426 alignleft\" src=\"http:\/\/www.arsantonina.org\/wp-content\/uploads\/Affiche-CNSM-LD.jpg\" alt=\"\" width=\"537\" height=\"760\" srcset=\"https:\/\/www.arsantonina.org\/wp-content\/uploads\/Affiche-CNSM-LD.jpg 707w, https:\/\/www.arsantonina.org\/wp-content\/uploads\/Affiche-CNSM-LD-600x849.jpg 600w, https:\/\/www.arsantonina.org\/wp-content\/uploads\/Affiche-CNSM-LD-212x300.jpg 212w\" sizes=\"(max-width: 537px) 100vw, 537px\" \/><\/p>\n<p style=\"text-align: justify;\"><strong><em>Cet \u00e9v\u00e8nement annuel, organis\u00e9 par l\u2019Association Ars Antonina, permet \u00e0 de jeunes talents du D\u00e9partement des Alpes-Maritimes, tous\u00a0 candidats aux\u00a0<\/em><em>concours d\u2019entr\u00e9e des Conservatoires de Paris et Lyon, d\u2019interpr\u00e9ter un extrait de leur programme devant un public.<\/em><\/strong><\/p>\n<p style=\"text-align: justify;\"><em>Depuis 30 ans, l\u2019Association Ars Antonina poursuit sa mission de d\u00e9couvrir, soutenir et promouvoir les jeunes talents, au cours de leurs \u00e9tudes et au d\u00e9but de leur carri\u00e8re. Elle organise une saison annuelle de concerts \u00e0 Nice et Monaco permettant de produire sur sc\u00e8ne non seulement des jeunes prometteurs issus des conservatoires du d\u00e9partement,\u00a0 mais aussi des virtuoses \u00e9trangers dont les laur\u00e9ats de concours internationaux.<\/em><\/p>\n<p><b>Gw\u00e9na\u00eblle LE MEIGNEN, harpe<\/b><\/p>\n<p style=\"text-align: justify;\"><img decoding=\"async\" loading=\"lazy\" class=\"alignleft size-full wp-image-2433\" src=\"http:\/\/www.arsantonina.org\/wp-content\/uploads\/Gwen.jpg\" alt=\"\" width=\"100\" height=\"130\" \/>N\u00e9e en 1999, elle commence la harpe \u00e0 l&#8217;\u00e2ge de 9 ans dans la classe de Mich\u00e8le Vuillaume puis d\u2019Agn\u00e8s B\u00e9rard, au sein du CNRR de Nice. A 12 ans, elle devient Laur\u00e9ate Nationale du Concours des Petites Mains Symphoniques et a accompagn\u00e9 Didier Lockwood ou Hugues Aufray \u00e0 l&#8217;Olympia. Elle a suivi de nombreuses acad\u00e9mies d&#8217;orchestre (Paris, Morlaix, Vaux-le-Vicomte, etc.).\u00a0 Ancienne Demoiselle au sein du Lyc\u00e9e de la Maison d\u2019\u00c9ducation de la L\u00e9gion d&#8217;Honneur, elle sera admise au Conservatoire Municipal du 1er arr. de Paris, dans la classe d\u2019Audrey Perrin. Elle revient passer \u00e0 Nice un BAC Option Musique, obtenu avec une mention Bien.\u00a0 En 2016, au sein de la classe d\u2019Agn\u00e8s B\u00e9rard, elle obtiendra son Dipl\u00f4me d\u2019\u00c9tude Musicale avec Mention Tr\u00e8s Bien. En 2017, Gw\u00e9na\u00eblle a \u00e9t\u00e9 s\u00e9lectionn\u00e9e parmi les jeunes talents de l&#8217;Acad\u00e9mie Musicale de Villecroze et int\u00e8gre la master class d\u2019Isabelle Moretti, professeur au CNSM de Paris. En 2017, elle obtient le 1er\u00a0 Prix au Concours International de Harpe de Limoges ainsi que le 1er Prix \u00e0 l&#8217;unanimit\u00e9 avec f\u00e9licitations du Jury au Concours des Juniors 2017 de Nice.\u00a0 Elle a particip\u00e9 \u00e0 de nombreuses master class aupr\u00e8s d\u2019eminents professeurs, tels que Germaine Lorenzini, Isabelle Moretti, Catherine Michel, Marie-Claire Jamet, ou encore Fabrice Pierre.\u00a0 En 2018 elle pr\u00e9sentera le concours d&#8217;entr\u00e9e au CNSM de Paris.<\/p>\n<p><b>Alix LAGARDE, piano<\/b><\/p>\n<p><img decoding=\"async\" loading=\"lazy\" class=\"size-full wp-image-2432 alignleft\" src=\"http:\/\/www.arsantonina.org\/wp-content\/uploads\/alix.jpg\" alt=\"\" width=\"100\" height=\"130\" \/><\/p>\n<p style=\"text-align: justify;\">N\u00e9e en 1999, il d\u00e9bute le piano \u00e0 l&#8217;\u00e2ge de 6 ans. Elle rentre au CNRR de Nice deux ans plus tard, dans la classe de piano de Thierry Lincel\u00e9. \u00c9tudiant \u00e9galement la Formation Musicale aupr\u00e8s de Mich\u00e8le Lincel\u00e9, elle obtient deux DEM avec mention Tr\u00e8s Bien dans ces deux disciplines en juin 2017. En parall\u00e8le, elle fait partie de la classe d&#8217;accompagnement de S\u00e9bastien Driant, et travaille en tant qu&#8217;accompagnatrice au CNRR de Nice, o\u00f9 elle accompagne notamment l&#8217;op\u00e9rette <i>La Route Fleurie <\/i>de Francis Lopez en octobre 2017. Elle obtient un 1er Prix au concours international Simone Delbert-F\u00e9vrier en 2017 en cat\u00e9gorie Prima Vista. Depuis septembre 2017, elle \u00e9tudie le piano dans la classe de Stephanos Thomopoulos au CNRR de Nice, qui la pr\u00e9pare aux concours d&#8217;entr\u00e9e du CNSM de Lyon et du Conservatoire Royal de Bruxelles.<\/p>\n<p><b>Frederica BASSILICO<\/b><\/p>\n<p style=\"text-align: justify;\"><img decoding=\"async\" loading=\"lazy\" class=\"alignleft size-full wp-image-2431\" src=\"http:\/\/www.arsantonina.org\/wp-content\/uploads\/federica.jpg\" alt=\"\" width=\"100\" height=\"130\" \/>N\u00e9e en 1998 \u00e0 Bordighera, elle d\u00e9bute le violon en 2004 dans la classe de Paul Fichter au CNRR de Nice, puis avec Pierre Bensaid depuis 2013, en obtenant le DEM en 2015.\u00a0 Elle y a suivi \u00e9galement les cours de violon baroque, clavecin et basse continue.\u00a0 Elle a obtenu plusieurs Premiers Prix lors des examens au Conservatorio statale \u00e0 G\u00eanes, dans les\u00a0 categories de piano, clavecin et violon.\u00a0 Elle a particip\u00e9 dans la master class de Christian Altenburger \u00e0 l\u2019Acad\u00e9mie du Festival Pablo Casals, ainsi que dans celle de Lucie Robert au Festival MusicAlp. En 2009 elle a interpret\u00e9 le role d\u2019Angelo dans l\u2019oratorio <i>Agar e Ismaele esiliati <\/i>de Scarlatti avec l\u2019Ensemble Baroque de Nice.\u00a0 En 2011 elle int\u00e8gre le Festival \u201cYouth of the Planet\u201d en qualit\u00e9 de soliste, en jouant dans la Petite Salle de la Philharmonique et dans la Salle Finlyandskiy \u00e0 Saint-P\u00e9tersbourg (Russie).\u00a0 En 2011 et 2012 elle a jou\u00e9 dans l\u2019Ensemble Baroque de Nice, au Palazzo Spinola de Sanremo.\u00a0 En 2014\/2015, elle a particip\u00e9 au Sympho-New, avec l\u2019Orchestre R\u00e9gional de Cannes, et au projet \u201cLe jeune orchestre international de Monte-Carlo\u201d sous la direction d\u2019Alessandro Crudele.\u00a0 Elle est actuellement inscrite en cycle de Perfectionnement au CNRR de Paris, dans la classe de Suzanne Gessner.<\/p>\n<p><b>Jennifer LEGRAND<\/b><\/p>\n<p style=\"text-align: justify;\"><img decoding=\"async\" loading=\"lazy\" class=\"alignleft size-full wp-image-2434\" src=\"http:\/\/www.arsantonina.org\/wp-content\/uploads\/jennifer.jpg\" alt=\"\" width=\"100\" height=\"130\" \/>Elle d\u00e9bute le piano \u00e0 l&#8217;\u00e2ge de 6 ans au CNRR de Nice dans la classe\u00a0 d&#8217;Yva Fenouil. Elle a obtenu son Certificat d&#8217;\u00e9tude musicale de piano mention bien en 2014 puis est entr\u00e9e dans la classe de Stephanos Thomopoulos. Elle a particip\u00e9 \u00e0 une master classe \u00e0 l&#8217;Acad\u00e9mie internationale d&#8217;\u00e9t\u00e9 au Conservatoire de Nice au c\u00f4t\u00e9 de Marie-Jos\u00e8phe Jude, puis avec Stephanos Thomopoulos \u00e0 l&#8217;Acad\u00e9mie Musicalta. Elle a aussi profit\u00e9 de master classes donn\u00e9es par HJ Lim dans le cadre du Festival du livre et par Prisca Beno\u00eet au CNRR de Nice. Jennifer obtient un premier prix en deuxi\u00e8me nomination au Concours international de piano Nice C\u00f4te d&#8217;Azur 2015 et remporte la premi\u00e8re place au vote du public lors des Jeunes prodiges \u00e0 Roquefort les Pins. Elle a obtenu son dipl\u00f4me d&#8217;\u00e9tude musicale mention tr\u00e8s bien et son BAC TMD ( technique musique et danse ) mention assez-bien en juin 2016. Jennifer se pr\u00e9sentera pour le concours d&#8217;entr\u00e9e au CNSM de Paris en f\u00e9vrier 2018.<\/p>\n<p>&nbsp;<\/p>\n<p>&nbsp;<\/p>\n<p style=\"text-align: center;\"><a href=\"http:\/\/www.arsantonina.org\/\"><< Retour<\/a><\/p>\n","protected":false},"excerpt":{"rendered":"<p>Cet \u00e9v\u00e8nement annuel, organis\u00e9 par l\u2019Association Ars Antonina, permet \u00e0 de jeunes talents du D\u00e9partement des Alpes-Maritimes, tous\u00a0 candidats aux\u00a0concours d\u2019entr\u00e9e des Conservatoires de Paris et Lyon, d\u2019interpr\u00e9ter un extrait de leur programme devant un public. Depuis 30 ans, l\u2019Association Ars Antonina poursuit sa mission de d\u00e9couvrir, soutenir et promouvoir les jeunes talents, au cours [&hellip;]<\/p>\n","protected":false},"author":1,"featured_media":0,"parent":0,"menu_order":0,"comment_status":"closed","ping_status":"closed","template":"","meta":{"ngg_post_thumbnail":0},"_links":{"self":[{"href":"https:\/\/www.arsantonina.org\/en\/wp-json\/wp\/v2\/pages\/2425"}],"collection":[{"href":"https:\/\/www.arsantonina.org\/en\/wp-json\/wp\/v2\/pages"}],"about":[{"href":"https:\/\/www.arsantonina.org\/en\/wp-json\/wp\/v2\/types\/page"}],"author":[{"embeddable":true,"href":"https:\/\/www.arsantonina.org\/en\/wp-json\/wp\/v2\/users\/1"}],"replies":[{"embeddable":true,"href":"https:\/\/www.arsantonina.org\/en\/wp-json\/wp\/v2\/comments?post=2425"}],"version-history":[{"count":12,"href":"https:\/\/www.arsantonina.org\/en\/wp-json\/wp\/v2\/pages\/2425\/revisions"}],"predecessor-version":[{"id":2442,"href":"https:\/\/www.arsantonina.org\/en\/wp-json\/wp\/v2\/pages\/2425\/revisions\/2442"}],"wp:attachment":[{"href":"https:\/\/www.arsantonina.org\/en\/wp-json\/wp\/v2\/media?parent=2425"}],"curies":[{"name":"wp","href":"https:\/\/api.w.org\/{rel}","templated":true}]}}

<p><img decoding="async" loading="lazy" class="wp-image-2426 alignleft" src="http://www.arsantonina.org/wp-content/uploads/Affiche-CNSM-LD.jpg" alt="" width="537" height="760" srcset="https://www.arsantonina.org/wp-content/uploads/Affiche-CNSM-LD.jpg 707w, https://www.arsantonina.org/wp-content/uploads/Affiche-CNSM-LD-600x849.jpg 600w, https://www.arsantonina.org/wp-content/uploads/Affiche-CNSM-LD-212x300.jpg 212w" sizes="(max-width: 537px) 100vw, 537px" /></p>
<p style="text-align: justify;"><strong><em>Cet évènement annuel, organisé par l’Association Ars Antonina, permet à de jeunes talents du Département des Alpes-Maritimes, tous  candidats aux </em><em>concours d’entrée des Conservatoires de Paris et Lyon, d’interpréter un extrait de leur programme devant un public.</em></strong></p>
<p style="text-align: justify;"><em>Depuis 30 ans, l’Association Ars Antonina poursuit sa mission de découvrir, soutenir et promouvoir les jeunes talents, au cours de leurs études et au début de leur carrière. Elle organise une saison annuelle de concerts à Nice et Monaco permettant de produire sur scène non seulement des jeunes prometteurs issus des conservatoires du département,  mais aussi des virtuoses étrangers dont les lauréats de concours internationaux.</em></p>
<p><b>Gwénaëlle LE MEIGNEN, harpe</b></p>
<p style="text-align: justify;"><img decoding="async" loading="lazy" class="alignleft size-full wp-image-2433" src="http://www.arsantonina.org/wp-content/uploads/Gwen.jpg" alt="" width="100" height="130" />Née en 1999, elle commence la harpe à l&#8217;âge de 9 ans dans la classe de Michèle Vuillaume puis d’Agnès Bérard, au sein du CNRR de Nice. A 12 ans, elle devient Lauréate Nationale du Concours des Petites Mains Symphoniques et a accompagné Didier Lockwood ou Hugues Aufray à l&#8217;Olympia. Elle a suivi de nombreuses académies d&#8217;orchestre (Paris, Morlaix, Vaux-le-Vicomte, etc.).  Ancienne Demoiselle au sein du Lycée de la Maison d’Éducation de la Légion d&#8217;Honneur, elle sera admise au Conservatoire Municipal du 1er arr. de Paris, dans la classe d’Audrey Perrin. Elle revient passer à Nice un BAC Option Musique, obtenu avec une mention Bien.  En 2016, au sein de la classe d’Agnès Bérard, elle obtiendra son Diplôme d’Étude Musicale avec Mention Très Bien. En 2017, Gwénaëlle a été sélectionnée parmi les jeunes talents de l&#8217;Académie Musicale de Villecroze et intègre la master class d’Isabelle Moretti, professeur au CNSM de Paris. En 2017, elle obtient le 1er  Prix au Concours International de Harpe de Limoges ainsi que le 1er Prix à l&#8217;unanimité avec félicitations du Jury au Concours des Juniors 2017 de Nice.  Elle a participé à de nombreuses master class auprès d’eminents professeurs, tels que Germaine Lorenzini, Isabelle Moretti, Catherine Michel, Marie-Claire Jamet, ou encore Fabrice Pierre.  En 2018 elle présentera le concours d&#8217;entrée au CNSM de Paris.</p>
<p><b>Alix LAGARDE, piano</b></p>
<p><img decoding="async" loading="lazy" class="size-full wp-image-2432 alignleft" src="http://www.arsantonina.org/wp-content/uploads/alix.jpg" alt="" width="100" height="130" /></p>
<p style="text-align: justify;">Née en 1999, il débute le piano à l&#8217;âge de 6 ans. Elle rentre au CNRR de Nice deux ans plus tard, dans la classe de piano de Thierry Lincelé. Étudiant également la Formation Musicale auprès de Michèle Lincelé, elle obtient deux DEM avec mention Très Bien dans ces deux disciplines en juin 2017. En parallèle, elle fait partie de la classe d&#8217;accompagnement de Sébastien Driant, et travaille en tant qu&#8217;accompagnatrice au CNRR de Nice, où elle accompagne notamment l&#8217;opérette <i>La Route Fleurie </i>de Francis Lopez en octobre 2017. Elle obtient un 1er Prix au concours international Simone Delbert-Février en 2017 en catégorie Prima Vista. Depuis septembre 2017, elle étudie le piano dans la classe de Stephanos Thomopoulos au CNRR de Nice, qui la prépare aux concours d&#8217;entrée du CNSM de Lyon et du Conservatoire Royal de Bruxelles.</p>
<p><b>Frederica BASSILICO</b></p>
<p style="text-align: justify;"><img decoding="async" loading="lazy" class="alignleft size-full wp-image-2431" src="http://www.arsantonina.org/wp-content/uploads/federica.jpg" alt="" width="100" height="130" />Née en 1998 à Bordighera, elle débute le violon en 2004 dans la classe de Paul Fichter au CNRR de Nice, puis avec Pierre Bensaid depuis 2013, en obtenant le DEM en 2015.  Elle y a suivi également les cours de violon baroque, clavecin et basse continue.  Elle a obtenu plusieurs Premiers Prix lors des examens au Conservatorio statale à Gênes, dans les  categories de piano, clavecin et violon.  Elle a participé dans la master class de Christian Altenburger à l’Académie du Festival Pablo Casals, ainsi que dans celle de Lucie Robert au Festival MusicAlp. En 2009 elle a interpreté le role d’Angelo dans l’oratorio <i>Agar e Ismaele esiliati </i>de Scarlatti avec l’Ensemble Baroque de Nice.  En 2011 elle intègre le Festival “Youth of the Planet” en qualité de soliste, en jouant dans la Petite Salle de la Philharmonique et dans la Salle Finlyandskiy à Saint-Pétersbourg (Russie).  En 2011 et 2012 elle a joué dans l’Ensemble Baroque de Nice, au Palazzo Spinola de Sanremo.  En 2014/2015, elle a participé au Sympho-New, avec l’Orchestre Régional de Cannes, et au projet “Le jeune orchestre international de Monte-Carlo” sous la direction d’Alessandro Crudele.  Elle est actuellement inscrite en cycle de Perfectionnement au CNRR de Paris, dans la classe de Suzanne Gessner.</p>
<p><b>Jennifer LEGRAND</b></p>
<p style="text-align: justify;"><img decoding="async" loading="lazy" class="alignleft size-full wp-image-2434" src="http://www.arsantonina.org/wp-content/uploads/jennifer.jpg" alt="" width="100" height="130" />Elle débute le piano à l&#8217;âge de 6 ans au CNRR de Nice dans la classe  d&#8217;Yva Fenouil. Elle a obtenu son Certificat d&#8217;étude musicale de piano mention bien en 2014 puis est entrée dans la classe de Stephanos Thomopoulos. Elle a participé à une master classe à l&#8217;Académie internationale d&#8217;été au Conservatoire de Nice au côté de Marie-Josèphe Jude, puis avec Stephanos Thomopoulos à l&#8217;Académie Musicalta. Elle a aussi profité de master classes données par HJ Lim dans le cadre du Festival du livre et par Prisca Benoît au CNRR de Nice. Jennifer obtient un premier prix en deuxième nomination au Concours international de piano Nice Côte d&#8217;Azur 2015 et remporte la première place au vote du public lors des Jeunes prodiges à Roquefort les Pins. Elle a obtenu son diplôme d&#8217;étude musicale mention très bien et son BAC TMD ( technique musique et danse ) mention assez-bien en juin 2016. Jennifer se présentera pour le concours d&#8217;entrée au CNSM de Paris en février 2018.</p>
<p>&nbsp;</p>
<p>&nbsp;</p>
<p style="text-align: center;"><a href="http://www.arsantonina.org/"><< Retour</a></p>

<p>Cet évènement annuel, organisé par l’Association Ars Antonina, permet à de jeunes talents du Département des Alpes-Maritimes, tous  candidats aux concours d’entrée des Conservatoires de Paris et Lyon, d’interpréter un extrait de leur programme devant un public. Depuis 30 ans, l’Association Ars Antonina poursuit sa mission de découvrir, soutenir et promouvoir les jeunes talents, au cours [&hellip;]</p>
