{"id":1584,"date":"2017-09-22T10:47:15","date_gmt":"2017-09-22T10:47:15","guid":{"rendered":"http:\/\/www.arsantonina.org\/?page_id=1584"},"modified":"2021-02-05T21:54:40","modified_gmt":"2021-02-05T21:54:40","slug":"dossier-presse","status":"publish","type":"page","link":"https:\/\/www.arsantonina.org\/en\/dossier-presse\/","title":{"rendered":"Dossier de Presse"},"content":{"rendered":"<h2 style=\"text-align: center;\">Alim Beisembayev<\/h2>\n<hr>\n<p style=\"text-align: center;\"><img decoding=\"async\" loading=\"lazy\" class=\"size-full wp-image-2706 aligncenter\" src=\"http:\/\/www.arsantonina.org\/wp-content\/uploads\/Flyer-BEISEMBAYEV-A5-LD.jpg\" alt=\"\" width=\"705\" height=\"1000\" srcset=\"https:\/\/www.arsantonina.org\/wp-content\/uploads\/Flyer-BEISEMBAYEV-A5-LD.jpg 705w, https:\/\/www.arsantonina.org\/wp-content\/uploads\/Flyer-BEISEMBAYEV-A5-LD-600x851.jpg 600w, https:\/\/www.arsantonina.org\/wp-content\/uploads\/Flyer-BEISEMBAYEV-A5-LD-212x300.jpg 212w\" sizes=\"(max-width: 705px) 100vw, 705px\" \/><\/p>\n<p style=\"text-align: center;\"><strong>CONTACT PRESSE&nbsp;:<br \/>\n<\/strong><strong>Merwane HADJ-CHIKH<br \/>\n<\/strong>Charg\u00e9 de Communication<br \/>\n<a href=\"mailto:arsantonina@gmail.com\">arsantonina@gmail.com<br \/>\n<\/a>06 03 44 20 66&nbsp; (secretariat)<\/p>\n<hr>\n<h2 style=\"text-align: center;\"><strong>L\u2019Association Ars Antonina<\/strong><\/h2>\n<p>&nbsp;<\/p>\n<p style=\"text-align: center;\">En partenariat avec la Direction des Affaires Culturelles de Monaco<\/p>\n<p style=\"text-align: center;\">Pr\u00e9sente pour la premi\u00e8re fois en Principaut\u00e9 de Monaco<\/p>\n<p style=\"text-align: center;\"><strong>Le pianiste prodige kazakh<\/strong><\/p>\n<p style=\"text-align: center;\"><strong>&nbsp;<\/strong><strong>Alim Beisembayev<\/strong><\/p>\n<p style=\"text-align: center;\"><strong>&nbsp;<\/strong>Laur\u00e9at 1er prix du<\/p>\n<p style=\"text-align: center;\"><em>du Concours International Van Cliburn Junior<\/em><\/p>\n<p style=\"text-align: center;\"><strong>&nbsp;<\/strong><\/p>\n<p style=\"text-align: center;\"><strong>&nbsp;<\/strong><\/p>\n<p style=\"text-align: center;\">En r\u00e9cital<\/p>\n<p style=\"text-align: center;\"><strong>Mardi 16 janvier 2018 \u00e0 20h<\/strong><\/p>\n<p style=\"text-align: center;\"><strong>&nbsp;<\/strong><strong>Au Th\u00e9\u00e2tre des Vari\u00e9t\u00e9s de Monaco<\/strong><\/p>\n<p style=\"text-align: center;\">1, boulevard Albert 1<sup>er<\/sup><\/p>\n<p style=\"text-align: center;\"><sup>&nbsp;<\/sup><\/p>\n<p style=\"text-align: center;\"><strong>&nbsp;<\/strong><\/p>\n<p style=\"text-align: center;\">Au programme<\/p>\n<p style=\"text-align: center;\"><strong>Beethoven, Chopin, Ravel, Scarlatti<\/strong><\/p>\n<p style=\"text-align: center;\"><strong>&nbsp;<\/strong>Tarif : Adulte 25\u20ac \/ Membre 10\u20ac \/ \u00c9tudiant gratuit<\/p>\n<hr>\n<h2 style=\"text-align: center;\"><strong>PROGRAMME<\/strong><\/h2>\n<p>&nbsp;<\/p>\n<p style=\"text-align: center;\"><strong>D. SCARLATTI :<\/strong> Sonate en la majeur K24<\/p>\n<p style=\"text-align: center;\"><strong>D. SCARLATTI :<\/strong> Sonate en si mineur K87<\/p>\n<p style=\"text-align: center;\"><strong>F. CHOPIN<\/strong> : Nocturne en do di\u00e8se mineur, opus 27 n\u00b01<\/p>\n<p style=\"text-align: center;\"><strong>F. CHOPIN<\/strong> : Nocturne en r\u00e9 b\u00e9mol majeur opus 27 n\u00b0 2<\/p>\n<p style=\"text-align: center;\"><strong>L. van BEETHOVEN<\/strong> : Sonate n\u00b0 23 en fa mineur, opus 57, dite <em>l&#8217;Appassionata<\/em><\/p>\n<p style=\"text-align: center;\"><strong>RAVEL : Les Miroirs<\/strong><\/p>\n<p style=\"text-align: center;\"><em>Oiseaux tristes<\/em><\/p>\n<p style=\"text-align: center;\"><em>Une barque sur l\u2019oc\u00e9an&nbsp; <\/em><\/p>\n<p style=\"text-align: center;\"><strong>SCHUMANN : Etudes symphoniques, opus 13<\/strong><\/p>\n<p style=\"text-align: center;\"><em>Thema : Andante<\/em><\/p>\n<p style=\"text-align: center;\"><em>N\u00b0 1 Un poco pi\u00f9 vivo<\/em><\/p>\n<p style=\"text-align: center;\"><em>N\u00b0 2 Andante<\/em><\/p>\n<p style=\"text-align: center;\"><em>N\u00b0 3 Vivace<\/em><\/p>\n<p style=\"text-align: center;\"><em>N\u00b0 4 Allegro marcato<\/em><\/p>\n<p style=\"text-align: center;\"><em>N\u00b0 5 Vivacissimo<\/em><\/p>\n<p style=\"text-align: center;\"><em>N\u00b0 6 Agitato<\/em><\/p>\n<p style=\"text-align: center;\"><em>N\u00b0 7 Allegro molto<\/em><\/p>\n<p style=\"text-align: center;\"><em>N\u00b0 8 Andante<\/em><\/p>\n<p style=\"text-align: center;\"><em>N\u00b0 9 Presto possibile<\/em><\/p>\n<p style=\"text-align: center;\"><em>N\u00b0 10 Allegro<\/em><\/p>\n<p style=\"text-align: center;\"><em>N\u00b0 11 Andante con espressione<\/em><\/p>\n<p style=\"text-align: center;\"><em>N\u00b0 12 Allegro brillante<\/em><\/p>\n<hr>\n<h2 style=\"text-align: center;\">&nbsp;<\/h2>\n<h2 style=\"text-align: center;\"><strong>BIOGRAPHIE<\/strong><\/h2>\n<p>&nbsp;<\/p>\n<p style=\"text-align: left;\">N\u00e9 au Kazakhstan en 1998, Alim Beisembayev a commenc\u00e9 le piano \u00e0 l\u2019\u00e2ge de 5 ans dans l\u2019Ecole de musique d\u2019Almaty. En 2008, il entre \u00e0 l\u2019Ecole centrale Tcha\u00efkovsky de Moscou et dans la m\u00eame ann\u00e9e il est reconnu comme jeune talent tr\u00e8s prometteur lors de l\u2019\u00e9mission de t\u00e9l\u00e9vision russe Nutcracker.<\/p>\n<p style=\"text-align: left;\">En 2010, il poursuit ses \u00e9tudes musicales en Angleterre au Purcell School dans la classe de Tessa Nicholson.<\/p>\n<p style=\"text-align: left;\">Il s\u2019est produit en tant que soliste avec plusieurs orchestres russes reconnus tels que l\u2019Orchestre symphonique de la f\u00e9d\u00e9ration de Russie Evgeny Svetlanov, l\u2019Orchestre symphonique Tcha\u00efkovski de la Radio de Moscou ainsi que le Fort Worth Symphony Orchestra aux Etats Unis, et sous la direction de chefs d\u2019orchestres renomm\u00e9s comme : Mark Gorenstein, Dmitry Liss, Evgeny Bushkov, Vladimir Fedoseev, Mei Ann Chen et Karina Canellakis<\/p>\n<p style=\"text-align: left;\">Pour son premier disque il a interpr\u00e9t\u00e9 le Concerto n\u00b01 pour piano de Beethoven avec l\u2019Orchestre symphonique Nouvelle Russie sous la baguette de Evgeny Bushkov.<\/p>\n<p style=\"text-align: left;\">Il se produit en r\u00e9cital dans les salles les plus prestigieuses telles que : la Grande Salle du Conservatoire de Moscou, la Salle de Concert Tcha\u00efkovsky \u00e0 Moscou, la Philharmonie Shostakovich de St P\u00e9tersbourg, la Salle de Concert Fazioli en Italie et \u00e0 Londres le Steinway Hall, le Wigmore Hall, le Purcell Room et le Royal Festival Hall.<\/p>\n<p style=\"text-align: left;\">En 2014, il a remport\u00e9 le 3\u00e8me prix au Concours international Franz Liszt \u00e0 Weimar et en 2015, \u00e0 17 ans, laur\u00e9at 1er prix du Concours Van Cliburn Junior aux Etats Unis.<\/p>\n<p style=\"text-align: left;\">En 2016, il apparait en tant qu\u2019invit\u00e9 d\u2019honneur \u00e0 la BBC Radio 3 dans l\u2019\u00e9mission In Tune promouvant son concert au Royal Festival Hall dans lequel il interpr\u00e8te le Concerto n\u00b02 de Rachmaninov avec l\u2019Orchestre Symphonique du Purcell School.<\/p>\n<p style=\"text-align: left;\">En \u00e9t\u00e9 2017, Alim remporte le 1er prix au Concours International de Manchester o\u00f9 il interpr\u00e8te le Concerto n\u00b01 pour piano de Tchaikovsky avec l\u2019Orchestre de la Manchester Camerata.<\/p>\n<p style=\"text-align: left;\">Gr\u00e2ce \u00e0 une bourse d\u2019\u00e9tude, il continue ses \u00e9tudes musicales \u00e0 la Royal Academy of Music \u00e0 Londres, toujours dans la classe de Tessa Nicholson qui est son professeur de piano depuis 8 ans.<\/p>\n<hr>\n<p style=\"text-align: center;\"><strong>&nbsp;<\/strong><\/p>\n<h3><strong>&nbsp;<\/strong><\/h3>\n","protected":false},"excerpt":{"rendered":"<p>Alim Beisembayev CONTACT PRESSE&nbsp;: Merwane HADJ-CHIKH Charg\u00e9 de Communication arsantonina@gmail.com 06 03 44 20 66&nbsp; (secretariat) L\u2019Association Ars Antonina &nbsp; En partenariat avec la Direction des Affaires Culturelles de Monaco Pr\u00e9sente pour la premi\u00e8re fois en Principaut\u00e9 de Monaco Le pianiste prodige kazakh &nbsp;Alim Beisembayev &nbsp;Laur\u00e9at 1er prix du du Concours International Van Cliburn Junior [&hellip;]<\/p>\n","protected":false},"author":1,"featured_media":0,"parent":0,"menu_order":0,"comment_status":"closed","ping_status":"closed","template":"","meta":{"ngg_post_thumbnail":0},"_links":{"self":[{"href":"https:\/\/www.arsantonina.org\/en\/wp-json\/wp\/v2\/pages\/1584"}],"collection":[{"href":"https:\/\/www.arsantonina.org\/en\/wp-json\/wp\/v2\/pages"}],"about":[{"href":"https:\/\/www.arsantonina.org\/en\/wp-json\/wp\/v2\/types\/page"}],"author":[{"embeddable":true,"href":"https:\/\/www.arsantonina.org\/en\/wp-json\/wp\/v2\/users\/1"}],"replies":[{"embeddable":true,"href":"https:\/\/www.arsantonina.org\/en\/wp-json\/wp\/v2\/comments?post=1584"}],"version-history":[{"count":24,"href":"https:\/\/www.arsantonina.org\/en\/wp-json\/wp\/v2\/pages\/1584\/revisions"}],"predecessor-version":[{"id":3489,"href":"https:\/\/www.arsantonina.org\/en\/wp-json\/wp\/v2\/pages\/1584\/revisions\/3489"}],"wp:attachment":[{"href":"https:\/\/www.arsantonina.org\/en\/wp-json\/wp\/v2\/media?parent=1584"}],"curies":[{"name":"wp","href":"https:\/\/api.w.org\/{rel}","templated":true}]}}

<h2 style="text-align: center;">Alim Beisembayev</h2>
<hr>
<p style="text-align: center;"><img decoding="async" loading="lazy" class="size-full wp-image-2706 aligncenter" src="http://www.arsantonina.org/wp-content/uploads/Flyer-BEISEMBAYEV-A5-LD.jpg" alt="" width="705" height="1000" srcset="https://www.arsantonina.org/wp-content/uploads/Flyer-BEISEMBAYEV-A5-LD.jpg 705w, https://www.arsantonina.org/wp-content/uploads/Flyer-BEISEMBAYEV-A5-LD-600x851.jpg 600w, https://www.arsantonina.org/wp-content/uploads/Flyer-BEISEMBAYEV-A5-LD-212x300.jpg 212w" sizes="(max-width: 705px) 100vw, 705px" /></p>
<p style="text-align: center;"><strong>CONTACT PRESSE&nbsp;:<br />
</strong><strong>Merwane HADJ-CHIKH<br />
</strong>Chargé de Communication<br />
<a href="mailto:arsantonina@gmail.com">arsantonina@gmail.com<br />
</a>06 03 44 20 66&nbsp; (secretariat)</p>
<hr>
<h2 style="text-align: center;"><strong>L’Association Ars Antonina</strong></h2>
<p>&nbsp;</p>
<p style="text-align: center;">En partenariat avec la Direction des Affaires Culturelles de Monaco</p>
<p style="text-align: center;">Présente pour la première fois en Principauté de Monaco</p>
<p style="text-align: center;"><strong>Le pianiste prodige kazakh</strong></p>
<p style="text-align: center;"><strong>&nbsp;</strong><strong>Alim Beisembayev</strong></p>
<p style="text-align: center;"><strong>&nbsp;</strong>Lauréat 1er prix du</p>
<p style="text-align: center;"><em>du Concours International Van Cliburn Junior</em></p>
<p style="text-align: center;"><strong>&nbsp;</strong></p>
<p style="text-align: center;"><strong>&nbsp;</strong></p>
<p style="text-align: center;">En récital</p>
<p style="text-align: center;"><strong>Mardi 16 janvier 2018 à 20h</strong></p>
<p style="text-align: center;"><strong>&nbsp;</strong><strong>Au Théâtre des Variétés de Monaco</strong></p>
<p style="text-align: center;">1, boulevard Albert 1<sup>er</sup></p>
<p style="text-align: center;"><sup>&nbsp;</sup></p>
<p style="text-align: center;"><strong>&nbsp;</strong></p>
<p style="text-align: center;">Au programme</p>
<p style="text-align: center;"><strong>Beethoven, Chopin, Ravel, Scarlatti</strong></p>
<p style="text-align: center;"><strong>&nbsp;</strong>Tarif : Adulte 25€ / Membre 10€ / Étudiant gratuit</p>
<hr>
<h2 style="text-align: center;"><strong>PROGRAMME</strong></h2>
<p>&nbsp;</p>
<p style="text-align: center;"><strong>D. SCARLATTI :</strong> Sonate en la majeur K24</p>
<p style="text-align: center;"><strong>D. SCARLATTI :</strong> Sonate en si mineur K87</p>
<p style="text-align: center;"><strong>F. CHOPIN</strong> : Nocturne en do dièse mineur, opus 27 n°1</p>
<p style="text-align: center;"><strong>F. CHOPIN</strong> : Nocturne en ré bémol majeur opus 27 n° 2</p>
<p style="text-align: center;"><strong>L. van BEETHOVEN</strong> : Sonate n° 23 en fa mineur, opus 57, dite <em>l&#8217;Appassionata</em></p>
<p style="text-align: center;"><strong>RAVEL : Les Miroirs</strong></p>
<p style="text-align: center;"><em>Oiseaux tristes</em></p>
<p style="text-align: center;"><em>Une barque sur l’océan&nbsp; </em></p>
<p style="text-align: center;"><strong>SCHUMANN : Etudes symphoniques, opus 13</strong></p>
<p style="text-align: center;"><em>Thema : Andante</em></p>
<p style="text-align: center;"><em>N° 1 Un poco più vivo</em></p>
<p style="text-align: center;"><em>N° 2 Andante</em></p>
<p style="text-align: center;"><em>N° 3 Vivace</em></p>
<p style="text-align: center;"><em>N° 4 Allegro marcato</em></p>
<p style="text-align: center;"><em>N° 5 Vivacissimo</em></p>
<p style="text-align: center;"><em>N° 6 Agitato</em></p>
<p style="text-align: center;"><em>N° 7 Allegro molto</em></p>
<p style="text-align: center;"><em>N° 8 Andante</em></p>
<p style="text-align: center;"><em>N° 9 Presto possibile</em></p>
<p style="text-align: center;"><em>N° 10 Allegro</em></p>
<p style="text-align: center;"><em>N° 11 Andante con espressione</em></p>
<p style="text-align: center;"><em>N° 12 Allegro brillante</em></p>
<hr>
<h2 style="text-align: center;">&nbsp;</h2>
<h2 style="text-align: center;"><strong>BIOGRAPHIE</strong></h2>
<p>&nbsp;</p>
<p style="text-align: left;">Né au Kazakhstan en 1998, Alim Beisembayev a commencé le piano à l’âge de 5 ans dans l’Ecole de musique d’Almaty. En 2008, il entre à l’Ecole centrale Tchaïkovsky de Moscou et dans la même année il est reconnu comme jeune talent très prometteur lors de l’émission de télévision russe Nutcracker.</p>
<p style="text-align: left;">En 2010, il poursuit ses études musicales en Angleterre au Purcell School dans la classe de Tessa Nicholson.</p>
<p style="text-align: left;">Il s’est produit en tant que soliste avec plusieurs orchestres russes reconnus tels que l’Orchestre symphonique de la fédération de Russie Evgeny Svetlanov, l’Orchestre symphonique Tchaïkovski de la Radio de Moscou ainsi que le Fort Worth Symphony Orchestra aux Etats Unis, et sous la direction de chefs d’orchestres renommés comme : Mark Gorenstein, Dmitry Liss, Evgeny Bushkov, Vladimir Fedoseev, Mei Ann Chen et Karina Canellakis</p>
<p style="text-align: left;">Pour son premier disque il a interprété le Concerto n°1 pour piano de Beethoven avec l’Orchestre symphonique Nouvelle Russie sous la baguette de Evgeny Bushkov.</p>
<p style="text-align: left;">Il se produit en récital dans les salles les plus prestigieuses telles que : la Grande Salle du Conservatoire de Moscou, la Salle de Concert Tchaïkovsky à Moscou, la Philharmonie Shostakovich de St Pétersbourg, la Salle de Concert Fazioli en Italie et à Londres le Steinway Hall, le Wigmore Hall, le Purcell Room et le Royal Festival Hall.</p>
<p style="text-align: left;">En 2014, il a remporté le 3ème prix au Concours international Franz Liszt à Weimar et en 2015, à 17 ans, lauréat 1er prix du Concours Van Cliburn Junior aux Etats Unis.</p>
<p style="text-align: left;">En 2016, il apparait en tant qu’invité d’honneur à la BBC Radio 3 dans l’émission In Tune promouvant son concert au Royal Festival Hall dans lequel il interprète le Concerto n°2 de Rachmaninov avec l’Orchestre Symphonique du Purcell School.</p>
<p style="text-align: left;">En été 2017, Alim remporte le 1er prix au Concours International de Manchester où il interprète le Concerto n°1 pour piano de Tchaikovsky avec l’Orchestre de la Manchester Camerata.</p>
<p style="text-align: left;">Grâce à une bourse d’étude, il continue ses études musicales à la Royal Academy of Music à Londres, toujours dans la classe de Tessa Nicholson qui est son professeur de piano depuis 8 ans.</p>
<hr>
<p style="text-align: center;"><strong>&nbsp;</strong></p>
<h3><strong>&nbsp;</strong></h3>

<p>Alim Beisembayev CONTACT PRESSE&nbsp;: Merwane HADJ-CHIKH Chargé de Communication arsantonina@gmail.com 06 03 44 20 66&nbsp; (secretariat) L’Association Ars Antonina &nbsp; En partenariat avec la Direction des Affaires Culturelles de Monaco Présente pour la première fois en Principauté de Monaco Le pianiste prodige kazakh &nbsp;Alim Beisembayev &nbsp;Lauréat 1er prix du du Concours International Van Cliburn Junior [&hellip;]</p>
