{"id":1066,"date":"2017-03-31T07:48:59","date_gmt":"2017-03-31T07:48:59","guid":{"rendered":"http:\/\/www.arsantonina.org\/?page_id=1066"},"modified":"2017-03-31T11:15:29","modified_gmt":"2017-03-31T11:15:29","slug":"biographie-michael-petrov","status":"publish","type":"page","link":"https:\/\/www.arsantonina.org\/en\/biographies\/biographie-michael-petrov\/","title":{"rendered":"Biographie Michael Petrov"},"content":{"rendered":"<p class=\"p1\" style=\"text-align: justify;\"><span class=\"s1\"><b><img decoding=\"async\" loading=\"lazy\" class=\"alignleft size-full wp-image-1068\" src=\"http:\/\/www.arsantonina.org\/wp-content\/uploads\/petrov-bio.jpg\" alt=\"\" width=\"223\" height=\"300\" \/><\/b><\/span><\/p>\n<p class=\"p1\" style=\"text-align: justify;\"><span class=\"s1\"><b>Michael Petrov, violoncelle<\/b><\/span><\/p>\n<p class=\"p2\" style=\"text-align: justify;\">Nomm\u00e9 par le Barbican Hall \u00e0 Londres \u00ab \u00e9toile montante \u00bb de la saison 2014\/15,\u00a0Michael Petrov est l\u2019un des violoncellistes les plus prometteurs de sa g\u00e9n\u00e9ration et\u00a0laur\u00e9at de plusieurs grands prix internationaux, notamment le Concours\u00a0International Brahms en Autriche en 2012 et le Concours International Suggia au Portugal en 2011.<\/p>\n<p class=\"p2\" style=\"text-align: justify;\">Il s\u2019est produit \u00e0 Londres en tant que soliste avec le Philharmonia Orchestra, le Royal\u00a0Philharmonic Orchestra, le Bournemouth Symphony<span class=\"Apple-converted-space\">\u00a0 <\/span>Orchestra,<span class=\"Apple-converted-space\">\u00a0 <\/span>le City of London\u00a0Sinfonia et le English<span class=\"Apple-converted-space\">\u00a0 <\/span>Chamber Orchestra. Il s\u2019est \u00e9galement distingu\u00e9 avec l\u2019Orchestre de Chambre de Munich, le London Mozart Players, notamment en 2013 dans la <i>Sinfonia<span class=\"Apple-converted-space\">\u00a0 \u00a0<\/span>Concertante<\/i> de Prokofiev au Barbican Hall.<\/p>\n<p class=\"p2\" style=\"text-align: justify;\">Il se produit en r\u00e9cital dans toutes les plus grandes salles d\u2019Europe y compris la Concertgebouw \u00e0 Amsterdam, la Cit\u00e9 de la Musique \u00e0 Paris, la Musikverein \u00e0 Vienne, le Palais des Arts \u00e0 Budapest, la<span class=\"Apple-converted-space\">\u00a0 <\/span>K\u00f6lner Philharmonie \u00e0\u00a0Cologne et la Laeiszhalle \u00e0 Hambourg.<span class=\"Apple-converted-space\">\u00a0 <\/span>Il s\u2019est \u00e9galement produit r\u00e9cemment au Wigmore Hall \u00e0 Londres, \u00e0 la Weill Hall \u00e0 New York, aux Festivals de Bath, de Peasmarsh et de Plush en\u00a0Angleterre ainsi qu\u2019aux Festivals de violoncelle de Kronberg en Allemagne et de Los\u00a0Angeles aux Etats-unis.<\/p>\n<p class=\"p2\" style=\"text-align: justify;\"><strong>Visitez son site officiel\u00a0:<\/strong>\u00a0<a href=\"https:\/\/michaelpetrovcello.wordpress.com\/\" target=\"_blank\">https:\/\/michaelpetrovcello.wordpress.com\/<\/a><\/p>\n<hr \/>\n<p class=\"p1\" style=\"text-align: justify;\"><span class=\"s1\"><b><img decoding=\"async\" loading=\"lazy\" class=\"alignleft size-full wp-image-1072\" src=\"http:\/\/www.arsantonina.org\/wp-content\/uploads\/ullman-bio.jpg\" alt=\"\" width=\"223\" height=\"300\" \/>Alexander Ullman, piano<\/b><\/span><\/p>\n<p class=\"p2\" style=\"text-align: justify;\">Laur\u00e9at de prestigieux concours, Alexander Ullman a remport\u00e9 plusieurs 1er Prix de concours internationaux de piano : Concours In Memorian Ferenc Liszt \u00e0<span class=\"Apple-converted-space\">\u00a0<\/span>Budapest en 2011; Young Classical Artists Trust \u00e0 Londres en 2014; <span class=\"Apple-converted-space\">\u00a0 <\/span>Concours<span class=\"Apple-converted-space\">\u00a0 <\/span>Manhattan \u00e0 New York (2016).<span class=\"Apple-converted-space\">\u00a0<\/span><\/p>\n<p class=\"p2\" style=\"text-align: justify;\">Il s\u2019est produit en tant que soliste partout en Europe, en Asie et aux Etats-Unis. On peut remarquer parmi ses engagements r\u00e9cents : au Cadogan Hall \u00e0 Londres dans le\u00a0Concerto de Ravel; en Italie avec l\u2019Orchestra<span class=\"Apple-converted-space\">\u00a0 <\/span>Filarmonica Marchigiana dans <i>le Concerto n\u00b02<\/i> de Tcha\u00efkovsky; au Royal<span class=\"Apple-converted-space\">\u00a0 <\/span>College of Music de Londres dans le <i>Concerto n\u00b02<\/i> de Chopin sous la direction de<span class=\"Apple-converted-space\">\u00a0 <\/span>Vladimir Ashkenazy; au Pays de Galles, avec l\u2019Orchestre Philharmonique de<span class=\"Apple-converted-space\">\u00a0 <\/span>Cardiff, dans le <i>Concerto n\u00b01<\/i> de Liszt et dans <i>les Variations sur un Th\u00e8me de Paganini<\/i> de<span class=\"Apple-converted-space\">\u00a0 <\/span>Rachmaninov; aux Etats-Unis avec les Orchestres<span class=\"Apple-converted-space\">\u00a0 <\/span>Philharmoniques de Philadelphie, de Fortworth, de New Jersey et de<span class=\"Apple-converted-space\">\u00a0 <\/span>Montr\u00e9al; en Angleterre avec le Oxford Philamusica et le<span class=\"Apple-converted-space\">\u00a0 <\/span>Southbank Sinfonia; en<span class=\"Apple-converted-space\">\u00a0 <\/span>Hongrie avec les Orchestres de la Radio Danubia et Budapest.<\/p>\n<p class=\"p2\" style=\"text-align: justify;\">Il a jou\u00e9 pour des \u00e9missions de la Radio BBC en Angleterre, de la Radio France, et de la Radio MDR Classic en Allemagne. Il se produit souvent avec le violoncelliste Michael Petrov.<\/p>\n<p class=\"p1\" style=\"text-align: justify;\"><span class=\"s1\"><b>Visitez sa page Facebook officielle : <\/b><a href=\"https:\/\/www.facebook.com\/alexander.ullman.7\" target=\"_blank\">https:\/\/www.facebook.com\/alexander.ullman.7\u00a0<\/a><\/span><\/p>\n<hr \/>\n<p class=\"p3\" style=\"text-align: center;\"><b><\/b><a href=\"http:\/\/www.arsantonina.org\/saison-actuelle\/\"><<Retour<\/a><\/p>\n<p class=\"p3\" style=\"text-align: center;\"><span class=\"s1\"><b>\u00a0<\/b><\/span><\/p>\n","protected":false},"excerpt":{"rendered":"<p>Michael Petrov, violoncelle Nomm\u00e9 par le Barbican Hall \u00e0 Londres \u00ab \u00e9toile montante \u00bb de la saison 2014\/15,\u00a0Michael Petrov est l\u2019un des violoncellistes les plus prometteurs de sa g\u00e9n\u00e9ration et\u00a0laur\u00e9at de plusieurs grands prix internationaux, notamment le Concours\u00a0International Brahms en Autriche en 2012 et le Concours International Suggia au Portugal en 2011. Il s\u2019est produit [&hellip;]<\/p>\n","protected":false},"author":1,"featured_media":1067,"parent":1136,"menu_order":0,"comment_status":"closed","ping_status":"closed","template":"","meta":{"ngg_post_thumbnail":0},"_links":{"self":[{"href":"https:\/\/www.arsantonina.org\/en\/wp-json\/wp\/v2\/pages\/1066"}],"collection":[{"href":"https:\/\/www.arsantonina.org\/en\/wp-json\/wp\/v2\/pages"}],"about":[{"href":"https:\/\/www.arsantonina.org\/en\/wp-json\/wp\/v2\/types\/page"}],"author":[{"embeddable":true,"href":"https:\/\/www.arsantonina.org\/en\/wp-json\/wp\/v2\/users\/1"}],"replies":[{"embeddable":true,"href":"https:\/\/www.arsantonina.org\/en\/wp-json\/wp\/v2\/comments?post=1066"}],"version-history":[{"count":14,"href":"https:\/\/www.arsantonina.org\/en\/wp-json\/wp\/v2\/pages\/1066\/revisions"}],"predecessor-version":[{"id":1104,"href":"https:\/\/www.arsantonina.org\/en\/wp-json\/wp\/v2\/pages\/1066\/revisions\/1104"}],"up":[{"embeddable":true,"href":"https:\/\/www.arsantonina.org\/en\/wp-json\/wp\/v2\/pages\/1136"}],"wp:featuredmedia":[{"embeddable":true,"href":"https:\/\/www.arsantonina.org\/en\/wp-json\/wp\/v2\/media\/1067"}],"wp:attachment":[{"href":"https:\/\/www.arsantonina.org\/en\/wp-json\/wp\/v2\/media?parent=1066"}],"curies":[{"name":"wp","href":"https:\/\/api.w.org\/{rel}","templated":true}]}}

<p class="p1" style="text-align: justify;"><span class="s1"><b><img decoding="async" loading="lazy" class="alignleft size-full wp-image-1068" src="http://www.arsantonina.org/wp-content/uploads/petrov-bio.jpg" alt="" width="223" height="300" /></b></span></p>
<p class="p1" style="text-align: justify;"><span class="s1"><b>Michael Petrov, violoncelle</b></span></p>
<p class="p2" style="text-align: justify;">Nommé par le Barbican Hall à Londres « étoile montante » de la saison 2014/15, Michael Petrov est l’un des violoncellistes les plus prometteurs de sa génération et lauréat de plusieurs grands prix internationaux, notamment le Concours International Brahms en Autriche en 2012 et le Concours International Suggia au Portugal en 2011.</p>
<p class="p2" style="text-align: justify;">Il s’est produit à Londres en tant que soliste avec le Philharmonia Orchestra, le Royal Philharmonic Orchestra, le Bournemouth Symphony<span class="Apple-converted-space">  </span>Orchestra,<span class="Apple-converted-space">  </span>le City of London Sinfonia et le English<span class="Apple-converted-space">  </span>Chamber Orchestra. Il s’est également distingué avec l’Orchestre de Chambre de Munich, le London Mozart Players, notamment en 2013 dans la <i>Sinfonia<span class="Apple-converted-space">   </span>Concertante</i> de Prokofiev au Barbican Hall.</p>
<p class="p2" style="text-align: justify;">Il se produit en récital dans toutes les plus grandes salles d’Europe y compris la Concertgebouw à Amsterdam, la Cité de la Musique à Paris, la Musikverein à Vienne, le Palais des Arts à Budapest, la<span class="Apple-converted-space">  </span>Kölner Philharmonie à Cologne et la Laeiszhalle à Hambourg.<span class="Apple-converted-space">  </span>Il s’est également produit récemment au Wigmore Hall à Londres, à la Weill Hall à New York, aux Festivals de Bath, de Peasmarsh et de Plush en Angleterre ainsi qu’aux Festivals de violoncelle de Kronberg en Allemagne et de Los Angeles aux Etats-unis.</p>
<p class="p2" style="text-align: justify;"><strong>Visitez son site officiel :</strong> <a href="https://michaelpetrovcello.wordpress.com/" target="_blank">https://michaelpetrovcello.wordpress.com/</a></p>
<hr />
<p class="p1" style="text-align: justify;"><span class="s1"><b><img decoding="async" loading="lazy" class="alignleft size-full wp-image-1072" src="http://www.arsantonina.org/wp-content/uploads/ullman-bio.jpg" alt="" width="223" height="300" />Alexander Ullman, piano</b></span></p>
<p class="p2" style="text-align: justify;">Lauréat de prestigieux concours, Alexander Ullman a remporté plusieurs 1er Prix de concours internationaux de piano : Concours In Memorian Ferenc Liszt à<span class="Apple-converted-space"> </span>Budapest en 2011; Young Classical Artists Trust à Londres en 2014; <span class="Apple-converted-space">  </span>Concours<span class="Apple-converted-space">  </span>Manhattan à New York (2016).<span class="Apple-converted-space"> </span></p>
<p class="p2" style="text-align: justify;">Il s’est produit en tant que soliste partout en Europe, en Asie et aux Etats-Unis. On peut remarquer parmi ses engagements récents : au Cadogan Hall à Londres dans le Concerto de Ravel; en Italie avec l’Orchestra<span class="Apple-converted-space">  </span>Filarmonica Marchigiana dans <i>le Concerto n°2</i> de Tchaïkovsky; au Royal<span class="Apple-converted-space">  </span>College of Music de Londres dans le <i>Concerto n°2</i> de Chopin sous la direction de<span class="Apple-converted-space">  </span>Vladimir Ashkenazy; au Pays de Galles, avec l’Orchestre Philharmonique de<span class="Apple-converted-space">  </span>Cardiff, dans le <i>Concerto n°1</i> de Liszt et dans <i>les Variations sur un Thème de Paganini</i> de<span class="Apple-converted-space">  </span>Rachmaninov; aux Etats-Unis avec les Orchestres<span class="Apple-converted-space">  </span>Philharmoniques de Philadelphie, de Fortworth, de New Jersey et de<span class="Apple-converted-space">  </span>Montréal; en Angleterre avec le Oxford Philamusica et le<span class="Apple-converted-space">  </span>Southbank Sinfonia; en<span class="Apple-converted-space">  </span>Hongrie avec les Orchestres de la Radio Danubia et Budapest.</p>
<p class="p2" style="text-align: justify;">Il a joué pour des émissions de la Radio BBC en Angleterre, de la Radio France, et de la Radio MDR Classic en Allemagne. Il se produit souvent avec le violoncelliste Michael Petrov.</p>
<p class="p1" style="text-align: justify;"><span class="s1"><b>Visitez sa page Facebook officielle : </b><a href="https://www.facebook.com/alexander.ullman.7" target="_blank">https://www.facebook.com/alexander.ullman.7 </a></span></p>
<hr />
<p class="p3" style="text-align: center;"><b></b><a href="http://www.arsantonina.org/saison-actuelle/"><<Retour</a></p>
<p class="p3" style="text-align: center;"><span class="s1"><b> </b></span></p>

<p>Michael Petrov, violoncelle Nommé par le Barbican Hall à Londres « étoile montante » de la saison 2014/15, Michael Petrov est l’un des violoncellistes les plus prometteurs de sa génération et lauréat de plusieurs grands prix internationaux, notamment le Concours International Brahms en Autriche en 2012 et le Concours International Suggia au Portugal en 2011. Il s’est produit [&hellip;]</p>
